-- --------------------------------------------------------
-- Hôte:                         127.0.0.1
-- Version du serveur:           5.7.33 - MySQL Community Server (GPL)
-- SE du serveur:                Win64
-- HeidiSQL Version:             11.2.0.6213
-- --------------------------------------------------------



-- Listage de la structure de la base pour gestimmob
CREATE DATABASE IF NOT EXISTS `gestimmob` /*!40100 DEFAULT CHARACTER SET latin1 */;
USE `gestimmob`;

-- Listage de la structure de la table gestimmob. archives
CREATE TABLE IF NOT EXISTS `archives` (
  `ar_id` int(10) unsigned NOT NULL AUTO_INCREMENT,
  `ar_dateop` date NOT NULL,
  `ar_datecr` date NOT NULL,
  `ar_nom` varchar(255) COLLATE utf8mb4_unicode_ci NOT NULL,
  `ar_etat` varchar(20) COLLATE utf8mb4_unicode_ci NOT NULL DEFAULT 'OK',
  `created_at` timestamp NULL DEFAULT NULL,
  `updated_at` timestamp NULL DEFAULT NULL,
  PRIMARY KEY (`ar_id`)
) ENGINE=InnoDB AUTO_INCREMENT=7 DEFAULT CHARSET=utf8mb4 COLLATE=utf8mb4_unicode_ci;

-- Listage des données de la table gestimmob.archives : ~4 rows (environ)
INSERT INTO `archives` (`ar_id`, `ar_dateop`, `ar_datecr`, `ar_nom`, `ar_etat`, `created_at`, `updated_at`) VALUES
	(1, '2022-07-26', '2017-10-11', 'Dossier DZONOUKOU heritage et succession', 'OK', '2022-07-26 11:59:05', '2022-07-26 12:14:43'),
	(2, '2022-07-13', '2020-09-12', 'Dossier carmel agbezouhoulon', 'OK', '2022-07-26 12:17:20', '2022-07-26 12:22:29'),
	(3, '2022-07-26', '2019-08-25', 'Dossier ASSOGBAVI Teraain Agoe Cacaveli', 'OK', '2022-07-26 12:17:45', '2022-07-26 12:18:01'),
	(4, '2022-07-01', '2018-09-23', 'Test', 'Delete', '2022-07-26 12:18:28', '2022-07-26 12:22:17'),
	(5, '2022-07-22', '2022-07-01', 'okokkkkkkkk', 'Delete', '2022-07-26 14:58:56', '2022-07-26 14:59:10'),
	(6, '2022-08-01', '2022-08-01', 'Contrat de bail', 'OK', '2022-08-08 11:34:17', '2022-08-08 11:34:17');

-- Listage de la structure de la table gestimmob. armoires
CREATE TABLE IF NOT EXISTS `armoires` (
  `arm_id` int(10) unsigned NOT NULL AUTO_INCREMENT,
  `arm_code` varchar(50) COLLATE utf8mb4_unicode_ci NOT NULL,
  `arm_lib` varchar(255) COLLATE utf8mb4_unicode_ci NOT NULL,
  `arm_etat` varchar(20) COLLATE utf8mb4_unicode_ci NOT NULL DEFAULT 'OK',
  `sa_id` int(11) NOT NULL DEFAULT '0',
  `created_at` timestamp NULL DEFAULT NULL,
  `updated_at` timestamp NULL DEFAULT NULL,
  PRIMARY KEY (`arm_id`)
) ENGINE=InnoDB AUTO_INCREMENT=5 DEFAULT CHARSET=utf8mb4 COLLATE=utf8mb4_unicode_ci;

-- Listage des données de la table gestimmob.armoires : ~2 rows (environ)
INSERT INTO `armoires` (`arm_id`, `arm_code`, `arm_lib`, `arm_etat`, `sa_id`, `created_at`, `updated_at`) VALUES
	(1, 'ARCG1', 'Armoire d a gauche 1', 'Delete', 1, '2022-07-26 11:23:39', '2022-07-26 11:25:36'),
	(2, 'ARCG01', 'Armoire d a gauche 01', 'OK', 1, '2022-07-26 11:25:30', '2022-07-26 11:25:30'),
	(3, 'ARCG02', 'Armoire d a gauche 02', 'OK', 1, '2022-07-26 11:26:27', '2022-07-26 11:26:27'),
	(4, 'ARCG01', 'ARCG01', 'OK', 4, '2022-08-08 10:35:40', '2022-08-08 10:35:40');

-- Listage de la structure de la table gestimmob. cabinets
CREATE TABLE IF NOT EXISTS `cabinets` (
  `cab_id` int(10) unsigned NOT NULL AUTO_INCREMENT,
  `cab_nom` varchar(255) COLLATE utf8mb4_unicode_ci NOT NULL,
  `cab_service` varchar(255) COLLATE utf8mb4_unicode_ci NOT NULL,
  `cab_adr` varchar(255) COLLATE utf8mb4_unicode_ci NOT NULL,
  `cab_tel` varchar(255) COLLATE utf8mb4_unicode_ci NOT NULL,
  `cab_cpte` double(14,0) NOT NULL,
  `created_at` timestamp NULL DEFAULT NULL,
  `updated_at` timestamp NULL DEFAULT NULL,
  PRIMARY KEY (`cab_id`)
) ENGINE=InnoDB AUTO_INCREMENT=2 DEFAULT CHARSET=utf8mb4 COLLATE=utf8mb4_unicode_ci;

-- Listage des données de la table gestimmob.cabinets : ~0 rows (environ)
INSERT INTO `cabinets` (`cab_id`, `cab_nom`, `cab_service`, `cab_adr`, `cab_tel`, `cab_cpte`, `created_at`, `updated_at`) VALUES
	(1, 'Me OURO', 'Acte notarial', 'Lome Togo', 'Tel :228', 1523500, '2022-07-14 19:49:09', '2022-08-28 00:28:51');

-- Listage de la structure de la table gestimmob. contrats
CREATE TABLE IF NOT EXISTS `contrats` (
  `con_id` int(11) NOT NULL AUTO_INCREMENT,
  `con_type` varchar(255) COLLATE utf8mb4_unicode_ci DEFAULT NULL,
  `con_date` date NOT NULL,
  `con_date_entree` date NOT NULL,
  `con_date_sortie` date DEFAULT NULL,
  `con_mens` double(10,0) NOT NULL,
  `con_nmc` varchar(50) COLLATE utf8mb4_unicode_ci NOT NULL DEFAULT '0',
  `con_caution` double(10,0) NOT NULL,
  `con_nma` varchar(50) COLLATE utf8mb4_unicode_ci NOT NULL DEFAULT '0',
  `con_avance` double(10,0) NOT NULL,
  `con_etat` varchar(20) COLLATE utf8mb4_unicode_ci NOT NULL DEFAULT 'Encours',
  `loc_id` int(11) NOT NULL,
  `pro_id` int(11) NOT NULL,
  `mai_id` int(11) NOT NULL,
  `dep_id` int(11) NOT NULL,
  `created_at` timestamp NULL DEFAULT NULL,
  `updated_at` timestamp NULL DEFAULT NULL,
  KEY `con_id` (`con_id`)
) ENGINE=InnoDB AUTO_INCREMENT=35 DEFAULT CHARSET=utf8mb4 COLLATE=utf8mb4_unicode_ci;

-- Listage des données de la table gestimmob.contrats : ~23 rows (environ)
INSERT INTO `contrats` (`con_id`, `con_type`, `con_date`, `con_date_entree`, `con_date_sortie`, `con_mens`, `con_nmc`, `con_caution`, `con_nma`, `con_avance`, `con_etat`, `loc_id`, `pro_id`, `mai_id`, `dep_id`, `created_at`, `updated_at`) VALUES
	(1, NULL, '2020-02-01', '2020-02-01', NULL, 120000, '6', 720000, '4', 480000, 'Resilie', 15, 1, 11, 11, '2022-07-24 01:20:14', '2022-07-25 22:20:35'),
	(2, NULL, '2021-02-20', '2021-03-01', NULL, 10000, '6', 60000, '6', 60000, 'Encours', 16, 2, 52, 66, '2022-07-24 01:21:29', '2022-07-24 01:21:29'),
	(3, NULL, '2020-02-01', '2020-02-01', NULL, 10000, '6', 60000, '3', 30000, 'Encours', 17, 2, 52, 67, '2022-07-24 01:21:56', '2022-07-26 22:46:01'),
	(4, NULL, '2021-05-04', '2021-05-04', NULL, 10000, '6', 60000, '4', 40000, 'Encours', 17, 2, 52, 68, '2022-07-24 01:22:28', '2022-07-24 01:22:28'),
	(5, NULL, '2020-01-01', '2020-01-01', NULL, 25000, '6', 150000, '6', 150000, 'Annule', 18, 3, 31, 56, '2022-07-24 01:23:02', '2022-07-25 20:38:06'),
	(6, NULL, '2020-02-02', '2020-02-01', NULL, 25000, '6', 150000, '6', 150000, 'Encours', 19, 3, 31, 57, '2022-07-24 01:23:24', '2022-07-24 01:23:24'),
	(7, NULL, '2021-07-09', '2020-08-01', NULL, 25000, '3', 75000, '3', 75000, 'Encours', 20, 3, 31, 58, '2022-07-24 01:23:57', '2022-07-24 01:23:57'),
	(8, NULL, '2021-03-19', '2021-04-01', NULL, 20000, '6', 120000, '6', 120000, 'Encours', 19, 3, 31, 61, '2022-07-24 01:24:30', '2022-07-24 01:24:30'),
	(9, NULL, '2020-01-01', '2020-01-01', NULL, 50000, '6', 300000, '4', 200000, 'Resilie', 21, 3, 32, 63, '2022-07-24 01:25:20', '2022-07-25 22:20:21'),
	(10, NULL, '2021-01-01', '2021-02-01', NULL, 30000, '6', 180000, '4', 120000, 'Encours', 22, 3, 32, 62, '2022-07-24 01:25:40', '2022-07-24 01:25:40'),
	(11, NULL, '2020-09-27', '2020-10-01', NULL, 30000, '6', 180000, '6', 180000, 'Encours', 23, 3, 32, 64, '2022-07-24 01:26:07', '2022-07-24 01:26:07'),
	(12, NULL, '2020-09-09', '2020-10-01', NULL, 30000, '6', 180000, '4', 120000, 'Encours', 24, 3, 32, 65, '2022-07-24 01:26:33', '2022-07-24 01:26:33'),
	(13, NULL, '2019-01-01', '2019-02-01', NULL, 250000, '6', 1500000, '6', 1500000, 'Resilie', 19, 3, 53, 52, '2022-07-24 01:27:05', '2022-07-25 20:29:05'),
	(14, NULL, '2020-01-20', '2020-02-01', NULL, 45000, '6', 270000, '4', 180000, 'Resilie', 28, 7, 54, 69, '2022-07-24 01:29:44', '2022-07-25 20:51:15'),
	(15, NULL, '2021-04-10', '2021-05-01', NULL, 50000, '6', 300000, '6', 300000, 'Encours', 26, 7, 54, 70, '2022-07-24 01:30:12', '2022-07-24 01:30:12'),
	(16, NULL, '2020-01-01', '2020-02-02', NULL, 650000, '6', 3900000, '4', 2600000, 'Annule', 24, 5, 51, 51, '2022-07-25 19:06:00', '2022-07-25 19:09:18'),
	(17, NULL, '2020-01-01', '2020-02-02', NULL, 650000, '6', 3900000, '4', 2600000, 'Annule', 24, 5, 51, 51, '2022-07-25 19:06:10', '2022-07-25 19:09:24'),
	(18, NULL, '2020-01-01', '2020-02-02', NULL, 650000, '6', 3900000, '4', 2600000, 'Annule', 24, 5, 51, 51, '2022-07-25 19:08:01', '2022-07-25 19:09:30'),
	(19, NULL, '2020-01-01', '2020-02-01', NULL, 650000, '6', 3900000, '6', 3900000, 'Resilie', 24, 5, 51, 51, '2022-07-25 19:10:16', '2022-07-25 20:49:21'),
	(20, NULL, '2021-08-02', '2021-08-02', NULL, 15000, '6', 90000, '4', 60000, 'Encours', 29, 3, 31, 59, '2022-07-25 19:12:55', '2022-07-25 19:12:55'),
	(21, NULL, '2021-08-02', '2021-08-02', NULL, 15000, '6', 90000, '4', 60000, 'Resilie', 29, 3, 31, 59, '2022-07-25 19:13:07', '2022-07-25 20:30:54'),
	(22, NULL, '2020-06-01', '2020-07-04', NULL, 15000, '6', 90000, '4', 60000, 'Encours', 30, 3, 31, 60, '2022-07-25 19:24:41', '2022-07-25 19:24:41'),
	(29, NULL, '2021-01-01', '2021-02-01', NULL, 25000, '3', 75000, '3', 75000, 'Encours', 30, 3, 53, 53, '2022-07-25 19:40:38', '2022-07-25 19:43:43'),
	(30, NULL, '2021-01-01', '2021-02-01', NULL, 120000, '6', 720000, '4', 480000, 'Encours', 32, 1, 11, 11, '2022-08-06 19:07:54', '2022-08-06 19:07:54'),
	(31, NULL, '2021-01-01', '2021-01-01', NULL, 35000, '3', 105000, '3', 105000, 'Encours', 33, 8, 55, 71, '2022-08-08 10:42:56', '2022-08-08 10:42:56'),
	(32, NULL, '2020-02-01', '2020-02-05', NULL, 25000, '6', 150000, '4', 100000, 'Encours', 34, 8, 55, 72, '2022-08-08 10:43:36', '2022-08-08 10:43:36'),
	(33, NULL, '2021-01-01', '2021-01-01', NULL, 50000, '6', 300000, '6', 300000, 'Encours', 31, 8, 55, 73, '2022-08-08 10:44:26', '2022-08-08 10:44:26'),
	(34, NULL, '2020-02-21', '2020-03-01', NULL, 25000, '6', 150000, '4', 100000, 'Encours', 35, 3, 31, 56, '2022-08-27 21:19:03', '2022-08-27 21:19:03');

-- Listage de la structure de la table gestimmob. dependances
CREATE TABLE IF NOT EXISTS `dependances` (
  `dep_id` int(11) NOT NULL AUTO_INCREMENT,
  `dep_lib` varchar(255) COLLATE utf8mb4_unicode_ci NOT NULL,
  `dep_desc` varchar(255) COLLATE utf8mb4_unicode_ci NOT NULL,
  `dep_mens` double(10,0) DEFAULT NULL,
  `dep_occ` varchar(50) COLLATE utf8mb4_unicode_ci NOT NULL DEFAULT 'Libre',
  `dep_etat` varchar(50) COLLATE utf8mb4_unicode_ci NOT NULL DEFAULT 'OK',
  `mai_id` int(11) NOT NULL,
  `created_at` timestamp NULL DEFAULT NULL,
  `updated_at` timestamp NULL DEFAULT NULL,
  KEY `dep_id` (`dep_id`)
) ENGINE=InnoDB AUTO_INCREMENT=74 DEFAULT CHARSET=utf8mb4 COLLATE=utf8mb4_unicode_ci;

-- Listage des données de la table gestimmob.dependances : ~19 rows (environ)
INSERT INTO `dependances` (`dep_id`, `dep_lib`, `dep_desc`, `dep_mens`, `dep_occ`, `dep_etat`, `mai_id`, `created_at`, `updated_at`) VALUES
	(11, 'Villa 01', 'Villa de 5 chambres equipe d une cuisine moderne', 120000, 'Occupee', 'OK', 11, '2022-06-29 20:42:13', '2022-06-29 20:46:02'),
	(51, 'Cour_unique de Cite', 'Duplex de norme standard', 650000, 'Libre', 'OK', 51, '2022-06-29 21:13:32', '2022-07-04 10:24:15'),
	(52, 'Cour_unique de Tokoin_SOTED', 'Villa de 5 chambres equipe d une cuisine moderne', 250000, 'Libre', 'OK', 53, '2022-06-30 12:42:13', '2022-07-04 10:09:25'),
	(53, 'Piece 8', 'Piece 8dépendante de la villa', 25000, 'Occupee', 'OK', 53, '2022-07-04 00:45:37', '2022-07-14 14:13:12'),
	(54, 'Piece 02', 'Piece 02 dépendante de la villa', 10000, 'Libre', 'OK', 53, '2022-07-04 00:46:35', '2022-07-04 00:50:41'),
	(55, 'Cuisine', 'Cuinine externe', 20, 'Libre', 'OK', 53, '2022-07-04 07:45:12', '2022-07-14 14:13:15'),
	(56, 'Chambre salon 01', 'Chambre salon 01 wc douche cuisine', 25000, 'Occupee', 'OK', 31, '2022-07-04 08:59:31', '2022-07-04 08:59:31'),
	(57, 'Chambre salon 02', 'Chambre salon 02 wc douche cuisine', 25000, 'Occupee', 'OK', 31, '2022-07-04 08:59:52', '2022-07-04 09:39:11'),
	(58, 'Chambre salon 03', 'Chambre salon 03 wc douche cuisine', 25000, 'Occupee', 'OK', 31, '2022-07-04 09:40:50', '2022-07-04 09:40:50'),
	(59, 'Piece 01', 'Piece 01 wc douche interne', 15000, 'Libre', 'OK', 31, '2022-07-04 09:41:18', '2022-07-04 11:45:32'),
	(60, 'Piece 02', 'Piece 02 wc douche interne', 15000, 'Occupee', 'OK', 31, '2022-07-04 09:41:54', '2022-07-04 10:11:32'),
	(61, 'Magasin', 'Madasin de 14m carre', 20000, 'Occupee', 'OK', 31, '2022-07-04 09:43:20', '2022-07-04 09:43:30'),
	(62, 'Chambre salon 01', 'Chambre salon 01 wc douche cuisine interne', 30000, 'Occupee', 'OK', 32, '2022-07-04 10:18:50', '2022-07-04 10:18:50'),
	(63, '2 Chambres salon', 'Appartement de 2 chambre salon 01 wc douche cuisine interne', 50000, 'Libre', 'OK', 32, '2022-07-04 10:19:27', '2022-07-04 10:19:27'),
	(64, 'Chambre salon 02', 'Chambre salon 01 wc douche cuisine interne', 30000, 'Occupee', 'OK', 32, '2022-07-04 10:19:39', '2022-07-04 10:19:39'),
	(65, 'Chambre salon 03', 'Chambre salon 01 wc douche cuisine interne', 30000, 'Occupee', 'OK', 32, '2022-07-04 10:19:53', '2022-07-04 10:19:53'),
	(66, 'Piece 01', 'Piece 01', 10000, 'Occupee', 'OK', 52, '2022-07-04 10:33:02', '2022-07-04 10:33:02'),
	(67, 'Piece 02', 'Piece 02', 10000, 'Occupee', 'OK', 52, '2022-07-04 10:33:13', '2022-07-04 10:52:02'),
	(68, 'Piece 03', 'Piece 03', 10000, 'Occupee', 'OK', 52, '2022-07-04 10:33:26', '2022-07-04 10:52:14'),
	(69, 'Chambre salon 01', 'Chambre salon 01 wc douche cuisine', 45000, 'Libre', 'OK', 54, '2022-07-24 01:28:37', '2022-07-24 01:28:37'),
	(70, 'Chambre salon 02', 'Chambre salon  wc douche cuisine', 50000, 'Occupee', 'OK', 54, '2022-07-24 01:28:55', '2022-07-24 01:28:55'),
	(71, 'Chambre salon 01', 'Chambre salon 01', 40000, 'Occupee', 'OK', 55, '2022-08-08 10:31:51', '2022-08-08 10:55:28'),
	(72, 'Chambre salon 02', 'Chambre salon', 25000, 'Occupee', 'OK', 55, '2022-08-08 10:32:02', '2022-08-08 10:32:02'),
	(73, 'Magasin', 'Magasin de 48m2', 50000, 'Occupee', 'OK', 55, '2022-08-08 10:32:27', '2022-08-08 10:32:27');

-- Listage de la structure de la table gestimmob. documents
CREATE TABLE IF NOT EXISTS `documents` (
  `doc_id` int(10) unsigned NOT NULL AUTO_INCREMENT,
  `doc_lib` varchar(255) COLLATE utf8mb4_unicode_ci NOT NULL,
  `tr_id` int(11) NOT NULL,
  `created_at` timestamp NULL DEFAULT NULL,
  `updated_at` timestamp NULL DEFAULT NULL,
  PRIMARY KEY (`doc_id`)
) ENGINE=InnoDB DEFAULT CHARSET=utf8mb4 COLLATE=utf8mb4_unicode_ci;

-- Listage des données de la table gestimmob.documents : ~0 rows (environ)

-- Listage de la structure de la table gestimmob. failed_jobs
CREATE TABLE IF NOT EXISTS `failed_jobs` (
  `id` bigint(20) unsigned NOT NULL AUTO_INCREMENT,
  `uuid` varchar(255) COLLATE utf8mb4_unicode_ci NOT NULL,
  `connection` text COLLATE utf8mb4_unicode_ci NOT NULL,
  `queue` text COLLATE utf8mb4_unicode_ci NOT NULL,
  `payload` longtext COLLATE utf8mb4_unicode_ci NOT NULL,
  `exception` longtext COLLATE utf8mb4_unicode_ci NOT NULL,
  `failed_at` timestamp NOT NULL DEFAULT CURRENT_TIMESTAMP,
  PRIMARY KEY (`id`),
  UNIQUE KEY `failed_jobs_uuid_unique` (`uuid`)
) ENGINE=InnoDB DEFAULT CHARSET=utf8mb4 COLLATE=utf8mb4_unicode_ci;

-- Listage des données de la table gestimmob.failed_jobs : ~0 rows (environ)

-- Listage de la structure de la table gestimmob. images
CREATE TABLE IF NOT EXISTS `images` (
  `img_id` int(10) unsigned NOT NULL AUTO_INCREMENT,
  `img_lib` varchar(255) COLLATE utf8mb4_unicode_ci NOT NULL,
  `mai_id` int(11) DEFAULT NULL,
  `dep_id` int(11) DEFAULT NULL,
  `created_at` timestamp NULL DEFAULT NULL,
  `updated_at` timestamp NULL DEFAULT NULL,
  PRIMARY KEY (`img_id`)
) ENGINE=InnoDB AUTO_INCREMENT=27 DEFAULT CHARSET=utf8mb4 COLLATE=utf8mb4_unicode_ci;

-- Listage des données de la table gestimmob.images : ~17 rows (environ)
INSERT INTO `images` (`img_id`, `img_lib`, `mai_id`, `dep_id`, `created_at`, `updated_at`) VALUES
	(10, '32_Aloe-vera-bienfaits.jpg', 32, NULL, '2022-07-26 00:26:11', '2022-07-26 00:26:11'),
	(11, '32_BOIS.jpg', 32, NULL, '2022-07-26 00:26:11', '2022-07-26 00:26:11'),
	(12, '32_boite.jpg', 32, NULL, '2022-07-26 00:26:11', '2022-07-26 00:26:11'),
	(13, '32_boite.jpg', 32, NULL, '2022-07-26 00:26:43', '2022-07-26 00:26:43'),
	(14, '32_BOIS.jpg', 32, NULL, '2022-07-26 00:26:43', '2022-07-26 00:26:43'),
	(15, '32_Aloe-vera-bienfaits.jpg', 32, NULL, '2022-07-26 00:26:44', '2022-07-26 00:26:44'),
	(16, '32_Aloe-vera-bienfaits.jpg', 32, NULL, '2022-07-26 00:35:36', '2022-07-26 00:35:36'),
	(17, '32_BOIS.jpg', 32, NULL, '2022-07-26 00:35:36', '2022-07-26 00:35:36'),
	(18, '32_boite.jpg', 32, NULL, '2022-07-26 00:35:37', '2022-07-26 00:35:37'),
	(19, '32_feutre.jpg', 32, NULL, '2022-07-26 00:35:37', '2022-07-26 00:35:37'),
	(20, '32_fleur.webp', 32, NULL, '2022-07-26 00:35:37', '2022-07-26 00:35:37'),
	(21, '32_fleur2.webp', 32, NULL, '2022-07-26 00:35:37', '2022-07-26 00:35:37'),
	(22, '32_Sommaire.png', 32, NULL, '2022-07-26 00:35:37', '2022-07-26 00:35:37'),
	(23, '32_test.png', 32, NULL, '2022-07-26 00:35:37', '2022-07-26 00:35:37'),
	(24, '54_pencile.jpg', 54, NULL, '2022-07-26 22:44:03', '2022-07-26 22:44:03'),
	(25, '54_Sommaire.png', 54, NULL, '2022-07-26 22:44:03', '2022-07-26 22:44:03'),
	(26, '54_test.png', 54, NULL, '2022-07-26 22:44:04', '2022-07-26 22:44:04');

-- Listage de la structure de la table gestimmob. locataires
CREATE TABLE IF NOT EXISTS `locataires` (
  `loc_id` int(10) unsigned NOT NULL AUTO_INCREMENT,
  `loc_np` varchar(100) COLLATE utf8mb4_unicode_ci NOT NULL,
  `loc_prof` varchar(100) COLLATE utf8mb4_unicode_ci NOT NULL,
  `loc_tel` varchar(50) COLLATE utf8mb4_unicode_ci NOT NULL,
  `loc_piece` varchar(100) COLLATE utf8mb4_unicode_ci NOT NULL DEFAULT 'Vide.png',
  `loc_etat` varchar(20) COLLATE utf8mb4_unicode_ci NOT NULL DEFAULT 'OK',
  `created_at` timestamp NULL DEFAULT NULL,
  `updated_at` timestamp NULL DEFAULT NULL,
  PRIMARY KEY (`loc_id`)
) ENGINE=InnoDB AUTO_INCREMENT=36 DEFAULT CHARSET=utf8mb4 COLLATE=utf8mb4_unicode_ci;

-- Listage des données de la table gestimmob.locataires : ~17 rows (environ)
INSERT INTO `locataires` (`loc_id`, `loc_np`, `loc_prof`, `loc_tel`, `loc_piece`, `loc_etat`, `created_at`, `updated_at`) VALUES
	(15, 'AZANGBEDJI Komla', 'Technicien labo', '228', 'Vide.png', 'OK', '2022-07-13 09:10:40', '2022-07-13 09:10:40'),
	(16, 'Malik Edem', 'Mecanicien', '90865432', '1657730987.jpg', 'OK', '2022-07-13 16:49:47', '2022-07-13 16:49:47'),
	(17, 'KADER KEITA', 'Influenceuse', '225', 'Vide.png', 'OK', '2022-07-14 11:28:16', '2022-07-14 11:28:16'),
	(18, 'DR KAOULO', 'Dr', '228 90 87 76 54', '1657798220.jpg', 'OK', '2022-07-14 11:30:20', '2022-07-14 11:30:20'),
	(19, 'BOUVAREL OLIVIER', 'DG d Societe', '228', '1657808433.png', 'OK', '2022-07-14 14:20:33', '2022-07-14 14:20:33'),
	(20, 'KOSSI ELOM', 'Enseignant', '9097654', 'Vide.png', 'OK', '2022-07-14 14:31:00', '2022-07-14 14:31:00'),
	(21, 'YAO KOSSI', 'Formateur', '90000001', 'Vide.png', 'OK', '2022-07-14 15:15:15', '2022-07-14 15:15:15'),
	(22, 'ALEX Togo Facile', 'Commercial', '228', 'Vide.png', 'OK', '2022-07-14 15:16:26', '2022-07-14 15:16:26'),
	(23, 'Dermane ZERIF', 'Etudiant', '228', 'Vide.png', 'OK', '2022-07-16 20:17:46', '2022-07-16 20:17:46'),
	(24, 'JOJO KODJO', 'Comedien', '229', 'Vide.png', 'OK', '2022-07-16 23:13:26', '2022-07-16 23:13:26'),
	(25, 'KOMLA Etse', 'Enseignant', '00228', 'Vide.png', 'OK', '2022-07-18 17:35:55', '2022-07-18 17:35:55'),
	(26, 'NOUVELLE GENE', '2,0', '00228', 'Vide.png', 'OK', '2022-07-23 23:16:37', '2022-07-23 23:16:37'),
	(27, 'ALOKO', 'PORTE', '00228', 'Vide.png', 'OK', '2022-07-23 23:19:35', '2022-07-23 23:19:35'),
	(28, 'ENK2K', 'Humouriste', '00225', 'Vide.png', 'OK', '2022-07-24 01:29:39', '2022-07-24 01:29:39'),
	(29, 'SODJA FEMME', 'Policiere', '228', 'Vide.png', 'OK', '2022-07-25 19:12:47', '2022-07-25 19:12:47'),
	(30, 'TU VOIT QUI', 'VIDE', '228', 'Vide.png', 'OK', '2022-07-25 19:24:35', '2022-07-25 19:24:35'),
	(31, 'OK DINE', 'Comptable', '228', 'Vide.png', 'OK', '2022-07-25 19:25:46', '2022-07-25 19:25:46'),
	(32, 'ASSAN BOUTIQUIER', 'Commercant', '228', 'Vide.png', 'OK', '2022-08-06 19:07:50', '2022-08-06 19:07:50'),
	(33, 'Nouri AKOSSIWA', 'Etudiamte', '9086554', 'Vide.png', 'OK', '2022-08-08 10:42:43', '2022-08-08 10:42:43'),
	(34, 'wewz', 'Commercant', '009988', 'Vide.png', 'OK', '2022-08-08 10:43:17', '2022-08-08 10:43:17'),
	(35, 'SUPER COOL', 'Etudiant', '00228', 'Vide.png', 'OK', '2022-08-27 21:18:56', '2022-08-27 21:18:56');

-- Listage de la structure de la table gestimmob. maisons
CREATE TABLE IF NOT EXISTS `maisons` (
  `mai_id` int(11) NOT NULL AUTO_INCREMENT,
  `mai_type` varchar(30) COLLATE utf8mb4_unicode_ci NOT NULL,
  `mai_lib` varchar(100) COLLATE utf8mb4_unicode_ci DEFAULT NULL,
  `mai_desc` varchar(200) COLLATE utf8mb4_unicode_ci NOT NULL,
  `mai_adr` varchar(200) COLLATE utf8mb4_unicode_ci NOT NULL,
  `mai_mens` double(10,0) NOT NULL DEFAULT '0',
  `mai_emo` double(5,2) NOT NULL DEFAULT '0.00',
  `mai_occ` varchar(50) COLLATE utf8mb4_unicode_ci NOT NULL DEFAULT 'Libre',
  `mai_etat` varchar(50) COLLATE utf8mb4_unicode_ci NOT NULL DEFAULT 'OK',
  `pro_id` int(11) NOT NULL,
  `created_at` timestamp NULL DEFAULT NULL,
  `updated_at` timestamp NULL DEFAULT NULL,
  KEY `mai_id` (`mai_id`)
) ENGINE=InnoDB AUTO_INCREMENT=56 DEFAULT CHARSET=utf8mb4 COLLATE=utf8mb4_unicode_ci;

-- Listage des données de la table gestimmob.maisons : ~6 rows (environ)
INSERT INTO `maisons` (`mai_id`, `mai_type`, `mai_lib`, `mai_desc`, `mai_adr`, `mai_mens`, `mai_emo`, `mai_occ`, `mai_etat`, `pro_id`, `created_at`, `updated_at`) VALUES
	(31, 'Cour_commune', 'Cour_commune de Agbalepedo', 'Cour commune 01', 'Agbalepedo', 125000, 10.00, 'Libre', 'OK', 3, '2022-06-29 19:31:14', '2022-07-13 16:04:09'),
	(11, 'Cour_unique', 'Villa 01', 'Villa de 5 chambres equipe d une cuisine moderne', 'Tokoin SOTED', 120000, 0.00, 'Libre', 'OK', 1, '2022-06-29 20:40:41', '2022-06-29 21:12:30'),
	(32, 'Cour_commune', 'Cour_commune de Agoe', 'Cour commune 02 de 4 chambres sallon', 'Agoe', 140000, 10.00, 'Libre', 'OK', 3, '2022-06-29 20:51:26', '2022-07-14 09:12:55'),
	(51, 'Cour_unique', 'Cour_unique de Cite', 'Duplex de norme standard', 'Cite OUA', 650000, 7.50, 'Libre', 'OK', 5, '2022-06-29 21:13:32', '2022-07-26 22:48:27'),
	(52, 'Cour_commune', 'Cour_commune de Agoe_Minamadou', 'Cour commune de 4 pieces, 2 chambres sallons et 2 un appartement de 2 chambres equipes chacunes de wc douches et un salons avec une cuisine moderne', 'Agoe_Minamadou', 30000, 12.00, 'Libre', 'OK', 2, '2022-06-30 12:35:45', '2022-07-14 14:08:21'),
	(53, 'Cour_unique', 'Cour_unique de Tokoin_SOTED', 'Villa de 5 chambres equipe d une cuisine moderne', 'Tokoin_SOTED', 250000, 10.00, 'Libre', 'OK', 3, '2022-06-30 12:42:13', '2022-07-14 14:08:42'),
	(54, 'Cour_commune', 'Cour_commune de Abidjan', 'Cour commune de Abobo', 'Abidjan', 95000, 12.00, 'Libre', 'OK', 7, '2022-07-24 01:28:10', '2022-07-24 01:28:55'),
	(55, 'Cour_commune', 'Cour_commune de Agbalepedo', 'Cour commune 01', 'Agbalepedo', 115000, 10.00, 'Libre', 'OK', 8, '2022-08-08 10:30:27', '2022-08-08 10:55:28');

-- Listage de la structure de la table gestimmob. migrations
CREATE TABLE IF NOT EXISTS `migrations` (
  `id` int(10) unsigned NOT NULL AUTO_INCREMENT,
  `migration` varchar(255) COLLATE utf8mb4_unicode_ci NOT NULL,
  `batch` int(11) NOT NULL,
  PRIMARY KEY (`id`)
) ENGINE=InnoDB AUTO_INCREMENT=20 DEFAULT CHARSET=utf8mb4 COLLATE=utf8mb4_unicode_ci;

-- Listage des données de la table gestimmob.migrations : ~17 rows (environ)
INSERT INTO `migrations` (`id`, `migration`, `batch`) VALUES
	(1, '2014_10_12_000000_create_users_table', 1),
	(2, '2014_10_12_100000_create_password_resets_table', 1),
	(3, '2019_08_19_000000_create_failed_jobs_table', 1),
	(4, '2019_12_14_000001_create_personal_access_tokens_table', 1),
	(5, '2022_05_24_140320_create_proprietaires_table', 1),
	(6, '2022_05_24_140447_create_maisons_table', 1),
	(7, '2022_05_24_140645_create_dependances_table', 1),
	(8, '2022_05_24_140707_create_contrats_table', 1),
	(9, '2022_05_24_140742_create_locataires_table', 1),
	(10, '2022_05_24_140809_create_payements_table', 1),
	(11, '2022_05_24_140837_create_operations_table', 1),
	(12, '2022_05_24_141124_create_images_table', 1),
	(13, '2022_05_24_143858_create_cabinets_table', 1),
	(14, '2022_07_26_084650_create_archives_table', 2),
	(15, '2022_07_26_084739_create_armoires_table', 2),
	(16, '2022_07_26_084905_create_salles_table', 2),
	(17, '2022_07_26_085429_create_traitements_table', 2),
	(18, '2022_07_26_085629_create_documents_table', 2),
	(19, '2023_02_03_123110_create_payement_exes_table', 3);

-- Listage de la structure de la table gestimmob. operations
CREATE TABLE IF NOT EXISTS `operations` (
  `op_id` int(10) unsigned NOT NULL AUTO_INCREMENT,
  `op_ref` varchar(50) COLLATE utf8mb4_unicode_ci NOT NULL DEFAULT '0',
  `op_type` varchar(50) COLLATE utf8mb4_unicode_ci NOT NULL DEFAULT 'Null',
  `op_date` date NOT NULL,
  `op_lib` varchar(255) COLLATE utf8mb4_unicode_ci NOT NULL,
  `op_initial` double(14,0) NOT NULL DEFAULT '0',
  `op_entree` double(14,0) NOT NULL DEFAULT '0',
  `op_sortie` double(14,0) NOT NULL DEFAULT '0',
  `op_solde` double(14,0) NOT NULL DEFAULT '0',
  `op_operateur` varchar(200) COLLATE utf8mb4_unicode_ci NOT NULL,
  `pro_id` int(11) DEFAULT NULL,
  `created_at` timestamp NULL DEFAULT NULL,
  `updated_at` timestamp NULL DEFAULT NULL,
  PRIMARY KEY (`op_id`)
) ENGINE=InnoDB AUTO_INCREMENT=203 DEFAULT CHARSET=utf8mb4 COLLATE=utf8mb4_unicode_ci;

-- Listage des données de la table gestimmob.operations : ~136 rows (environ)
INSERT INTO `operations` (`op_id`, `op_ref`, `op_type`, `op_date`, `op_lib`, `op_initial`, `op_entree`, `op_sortie`, `op_solde`, `op_operateur`, `pro_id`, `created_at`, `updated_at`) VALUES
	(1, 'CREATION7', 'CREATION DU COMPTE', '2022-07-24', 'CREATION DU COMPTE', 0, 0, 0, 45000, 'ADMINISTRATEUR', 7, '2022-07-24 01:09:01', '2022-07-24 01:09:01'),
	(2, 'CONTRAT1', 'CONTRAT', '2020-02-01', 'Caution et Avance de la Villa 01 par AZANGBEDJI Komla', 0, 1200000, 0, 1200000, 'ADMINISTRATEUR', 1, '2022-07-24 01:20:14', '2022-07-24 01:20:14'),
	(3, 'CONTRAT1', 'EMOLUMENT', '2020-02-01', 'Emolument sur Avance de la Villa 01 par AZANGBEDJI Komla', 0, 0, 0, 0, 'ADMINISTRATEUR', 1, '2022-07-24 01:20:14', '2022-07-24 01:20:14'),
	(4, 'CONTRAT2', 'CONTRAT', '2021-02-20', 'Caution et Avance de la Piece 01 de Cour_commune de Agoe_Minamadou par Malik Edem', 0, 112800, 0, 112800, 'ADMINISTRATEUR', 2, '2022-07-24 01:21:29', '2022-07-24 01:21:29'),
	(5, 'CONTRAT2', 'EMOLUMENT', '2021-02-20', 'Emolument sur Avance de la Piece 01 de Cour_commune de Agoe_Minamadou par Malik Edem', 0, 7200, 0, 7200, 'ADMINISTRATEUR', 2, '2022-07-24 01:21:29', '2022-07-24 01:21:29'),
	(6, 'CONTRAT3', 'CONTRAT', '2020-02-01', 'Caution et Avance de la Piece 02 de Cour_commune de Agoe_Minamadou par KADER KEITA', 112800, 95200, 0, 208000, 'ADMINISTRATEUR', 2, '2022-07-24 01:21:56', '2022-07-24 01:21:56'),
	(7, 'CONTRAT3', 'EMOLUMENT', '2020-02-01', 'Emolument sur Avance de la Piece 02 de Cour_commune de Agoe_Minamadou par KADER KEITA', 7200, 4800, 0, 12000, 'ADMINISTRATEUR', 2, '2022-07-24 01:21:56', '2022-07-24 01:21:56'),
	(8, 'CONTRAT4', 'CONTRAT', '2021-05-04', 'Caution et Avance de la Piece 03 de Cour_commune de Agoe_Minamadou par KADER KEITA', 208000, 95200, 0, 303200, 'ADMINISTRATEUR', 2, '2022-07-24 01:22:28', '2022-07-24 01:22:28'),
	(9, 'CONTRAT4', 'EMOLUMENT', '2021-05-04', 'Emolument sur Avance de la Piece 03 de Cour_commune de Agoe_Minamadou par KADER KEITA', 12000, 4800, 0, 16800, 'ADMINISTRATEUR', 2, '2022-07-24 01:22:28', '2022-07-24 01:22:28'),
	(10, 'CONTRAT5', 'CONTRAT', '2020-01-01', 'Caution et Avance de la Chambre salon 01 de Cour_commune de Agbalepedo par DR KAOULO', 0, 285000, 0, 285000, 'ADMINISTRATEUR', 3, '2022-07-24 01:23:02', '2022-07-24 01:23:02'),
	(11, 'CONTRAT5', 'EMOLUMENT', '2020-01-01', 'Emolument sur Avance de la Chambre salon 01 de Cour_commune de Agbalepedo par DR KAOULO', 16800, 15000, 0, 31800, 'ADMINISTRATEUR', 3, '2022-07-24 01:23:02', '2022-07-24 01:23:02'),
	(12, 'CONTRAT6', 'CONTRAT', '2020-02-02', 'Caution et Avance de la Chambre salon 02 de Cour_commune de Agbalepedo par BOUVAREL OLIVIER', 285000, 285000, 0, 570000, 'ADMINISTRATEUR', 3, '2022-07-24 01:23:24', '2022-07-24 01:23:24'),
	(13, 'CONTRAT6', 'EMOLUMENT', '2020-02-02', 'Emolument sur Avance de la Chambre salon 02 de Cour_commune de Agbalepedo par BOUVAREL OLIVIER', 31800, 15000, 0, 46800, 'ADMINISTRATEUR', 3, '2022-07-24 01:23:24', '2022-07-24 01:23:24'),
	(14, 'CONTRAT7', 'CONTRAT', '2021-07-09', 'Caution et Avance de la Chambre salon 03 de Cour_commune de Agbalepedo par KOSSI ELOM', 570000, 142500, 0, 712500, 'ADMINISTRATEUR', 3, '2022-07-24 01:23:57', '2022-07-24 01:23:57'),
	(15, 'CONTRAT7', 'EMOLUMENT', '2021-07-09', 'Emolument sur Avance de la Chambre salon 03 de Cour_commune de Agbalepedo par KOSSI ELOM', 46800, 7500, 0, 54300, 'ADMINISTRATEUR', 3, '2022-07-24 01:23:57', '2022-07-24 01:23:57'),
	(16, 'CONTRAT8', 'CONTRAT', '2021-03-19', 'Caution et Avance de la Magasin de Cour_commune de Agbalepedo par BOUVAREL OLIVIER', 712500, 228000, 0, 940500, 'ADMINISTRATEUR', 3, '2022-07-24 01:24:30', '2022-07-24 01:24:30'),
	(17, 'CONTRAT8', 'EMOLUMENT', '2021-03-19', 'Emolument sur Avance de la Magasin de Cour_commune de Agbalepedo par BOUVAREL OLIVIER', 54300, 12000, 0, 66300, 'ADMINISTRATEUR', 3, '2022-07-24 01:24:30', '2022-07-24 01:24:30'),
	(18, 'CONTRAT9', 'CONTRAT', '2020-01-01', 'Caution et Avance de la 2 Chambres salon de Cour_commune de Agoe par YAO KOSSI', 940500, 480000, 0, 1420500, 'ADMINISTRATEUR', 3, '2022-07-24 01:25:20', '2022-07-24 01:25:20'),
	(19, 'CONTRAT9', 'EMOLUMENT', '2020-01-01', 'Emolument sur Avance de la 2 Chambres salon de Cour_commune de Agoe par YAO KOSSI', 66300, 20000, 0, 86300, 'ADMINISTRATEUR', 3, '2022-07-24 01:25:20', '2022-07-24 01:25:20'),
	(20, 'CONTRAT10', 'CONTRAT', '2021-01-01', 'Caution et Avance de la Chambre salon 01 de Cour_commune de Agoe par ALEX Togo Facile', 1420500, 288000, 0, 1708500, 'ADMINISTRATEUR', 3, '2022-07-24 01:25:40', '2022-07-24 01:25:40'),
	(21, 'CONTRAT10', 'EMOLUMENT', '2021-01-01', 'Emolument sur Avance de la Chambre salon 01 de Cour_commune de Agoe par ALEX Togo Facile', 86300, 12000, 0, 98300, 'ADMINISTRATEUR', 3, '2022-07-24 01:25:40', '2022-07-24 01:25:40'),
	(22, 'CONTRAT11', 'CONTRAT', '2020-09-27', 'Caution et Avance de la Chambre salon 02 de Cour_commune de Agoe par Dermane ZERIF', 1708500, 342000, 0, 2050500, 'ADMINISTRATEUR', 3, '2022-07-24 01:26:07', '2022-07-24 01:26:07'),
	(23, 'CONTRAT11', 'EMOLUMENT', '2020-09-27', 'Emolument sur Avance de la Chambre salon 02 de Cour_commune de Agoe par Dermane ZERIF', 98300, 18000, 0, 116300, 'ADMINISTRATEUR', 3, '2022-07-24 01:26:07', '2022-07-24 01:26:07'),
	(24, 'CONTRAT12', 'CONTRAT', '2020-09-09', 'Caution et Avance de la Chambre salon 03 de Cour_commune de Agoe par JOJO KODJO', 2050500, 288000, 0, 2338500, 'ADMINISTRATEUR', 3, '2022-07-24 01:26:33', '2022-07-24 01:26:33'),
	(25, 'CONTRAT12', 'EMOLUMENT', '2020-09-09', 'Emolument sur Avance de la Chambre salon 03 de Cour_commune de Agoe par JOJO KODJO', 116300, 12000, 0, 128300, 'ADMINISTRATEUR', 3, '2022-07-24 01:26:33', '2022-07-24 01:26:33'),
	(26, 'CONTRAT13', 'CONTRAT', '2019-01-01', 'Caution et Avance de la Cour_unique de Tokoin_SOTED par BOUVAREL OLIVIER', 2338500, 2850000, 0, 5188500, 'ADMINISTRATEUR', 3, '2022-07-24 01:27:05', '2022-07-24 01:27:05'),
	(27, 'CONTRAT13', 'EMOLUMENT', '2019-01-01', 'Emolument sur Avance de la Cour_unique de Tokoin_SOTED par BOUVAREL OLIVIER', 128300, 150000, 0, 278300, 'ADMINISTRATEUR', 3, '2022-07-24 01:27:05', '2022-07-24 01:27:05'),
	(28, 'CONTRAT14', 'CONTRAT', '2020-01-20', 'Caution et Avance de la Chambre salon 01 de Cour_commune de Abidjan par ENK2K', 45000, 428400, 0, 473400, 'ADMINISTRATEUR', 7, '2022-07-24 01:29:44', '2022-07-24 01:29:44'),
	(29, 'CONTRAT14', 'EMOLUMENT', '2020-01-20', 'Emolument sur Avance de la Chambre salon 01 de Cour_commune de Abidjan par ENK2K', 278300, 21600, 0, 299900, 'ADMINISTRATEUR', 7, '2022-07-24 01:29:45', '2022-07-24 01:29:45'),
	(30, 'CONTRAT15', 'CONTRAT', '2021-04-10', 'Caution et Avance de la Chambre salon 02 de Cour_commune de Abidjan par NOUVELLE GENE', 473400, 564000, 0, 1037400, 'ADMINISTRATEUR', 7, '2022-07-24 01:30:12', '2022-07-24 01:30:12'),
	(31, 'CONTRAT15', 'EMOLUMENT', '2021-04-10', 'Emolument sur Avance de la Chambre salon 02 de Cour_commune de Abidjan par NOUVELLE GENE', 299900, 36000, 0, 335900, 'ADMINISTRATEUR', 7, '2022-07-24 01:30:12', '2022-07-24 01:30:12'),
	(32, 'LOYER16', 'LOYER', '2020-07-24', 'Loyer de la Villa 01 de Villa 01 par AZANGBEDJI Komla', 1200000, 120000, 0, 1320000, 'ADMINISTRATEUR', 1, '2022-07-24 01:31:03', '2022-07-24 01:31:03'),
	(33, 'LOYER16', 'EMOLUMENT', '2020-07-24', 'Emolument du loyer de la Villa 01 de Villa 01 par AZANGBEDJI Komla', 335900, 0, 0, 335900, 'ADMINISTRATEUR', 1, '2022-07-24 01:31:03', '2022-07-24 01:31:03'),
	(34, 'LOYER17', 'LOYER', '2021-11-24', 'Loyer de la Piece 01 de Cour_commune de Agoe_Minamadou par Malik Edem', 303200, 26400, 0, 329600, 'ADMINISTRATEUR', 2, '2022-07-24 01:31:39', '2022-07-24 01:31:39'),
	(35, 'LOYER17', 'EMOLUMENT', '2021-11-24', 'Emolument du loyer de la Piece 01 de Cour_commune de Agoe_Minamadou par Malik Edem', 335900, 3600, 0, 339500, 'ADMINISTRATEUR', 2, '2022-07-24 01:31:39', '2022-07-24 01:31:39'),
	(36, 'LOYER18', 'LOYER', '2021-11-11', 'Loyer de la Chambre salon 02 de Cour_commune de Agoe par Dermane ZERIF', 5188500, 54000, 0, 5242500, 'ADMINISTRATEUR', 3, '2022-07-24 01:32:13', '2022-07-24 01:32:13'),
	(37, 'LOYER18', 'EMOLUMENT', '2021-11-11', 'Emolument du loyer de la Chambre salon 02 de Cour_commune de Agoe par Dermane ZERIF', 339500, 6000, 0, 345500, 'ADMINISTRATEUR', 3, '2022-07-24 01:32:13', '2022-07-24 01:32:13'),
	(38, 'LOYER19', 'LOYER', '2022-02-05', 'Loyer de la Chambre salon 02 de Cour_commune de Agoe par Dermane ZERIF', 5242500, 81000, 0, 5323500, 'ADMINISTRATEUR', 3, '2022-07-24 01:32:32', '2022-07-24 01:32:32'),
	(39, 'LOYER19', 'EMOLUMENT', '2022-02-05', 'Emolument du loyer de la Chambre salon 02 de Cour_commune de Agoe par Dermane ZERIF', 345500, 9000, 0, 354500, 'ADMINISTRATEUR', 3, '2022-07-24 01:32:32', '2022-07-24 01:32:32'),
	(40, 'LOYER20', 'LOYER', '2022-05-24', 'Loyer de la Piece 01 de Cour_commune de Agoe_Minamadou par Malik Edem', 329600, 17600, 0, 347200, 'ADMINISTRATEUR', 2, '2022-07-24 01:33:08', '2022-07-24 01:33:08'),
	(41, 'LOYER20', 'EMOLUMENT', '2022-05-24', 'Emolument du loyer de la Piece 01 de Cour_commune de Agoe_Minamadou par Malik Edem', 354500, 2400, 0, 356900, 'ADMINISTRATEUR', 2, '2022-07-24 01:33:08', '2022-07-24 01:33:08'),
	(42, 'LOYER21', 'LOYER', '2021-12-25', 'Loyer de la Chambre salon 02 de Cour_commune de Agbalepedo par BOUVAREL OLIVIER', 5323500, 67500, 0, 5391000, 'ADMINISTRATEUR', 3, '2022-07-24 01:33:40', '2022-07-24 01:33:40'),
	(43, 'LOYER21', 'EMOLUMENT', '2021-12-25', 'Emolument du loyer de la Chambre salon 02 de Cour_commune de Agbalepedo par BOUVAREL OLIVIER', 356900, 7500, 0, 364400, 'ADMINISTRATEUR', 3, '2022-07-24 01:33:40', '2022-07-24 01:33:40'),
	(44, 'LOYER22', 'LOYER', '2022-03-24', 'Loyer de la Magasin de Cour_commune de Agbalepedo par BOUVAREL OLIVIER', 5391000, 54000, 0, 5445000, 'ADMINISTRATEUR', 3, '2022-07-24 01:33:59', '2022-07-24 01:33:59'),
	(45, 'LOYER22', 'EMOLUMENT', '2022-03-24', 'Emolument du loyer de la Magasin de Cour_commune de Agbalepedo par BOUVAREL OLIVIER', 364400, 6000, 0, 370400, 'ADMINISTRATEUR', 3, '2022-07-24 01:33:59', '2022-07-24 01:33:59'),
	(46, 'CONTRAT13', 'CONTRAT', '2019-01-01', 'Corretion du contrat de la Cour_unique de Tokoin_SOTED par BOUVAREL OLIVIER', 5445000, 0, 0, 5445000, 'ADMINISTRATEUR', 3, '2022-07-24 01:34:55', '2022-07-24 01:34:55'),
	(47, 'CONTRAT13', 'EMOLUMENT', '2019-01-01', 'Corretion Emolument sur avance de la Cour_unique de Tokoin_SOTED par BOUVAREL OLIVIER', 370400, 0, 0, 370400, 'ADMINISTRATEUR', 3, '2022-07-24 01:34:55', '2022-07-24 01:34:55'),
	(48, 'LOYER23', 'LOYER', '2022-06-01', 'Loyer de la Cour_unique de Tokoin_SOTED de Cour_unique de Tokoin_SOTED par BOUVAREL OLIVIER', 5445000, 675000, 0, 6120000, 'ADMINISTRATEUR', 3, '2022-07-24 01:35:58', '2022-07-24 01:35:58'),
	(49, 'LOYER23', 'EMOLUMENT', '2022-06-01', 'Emolument du loyer de la Cour_unique de Tokoin_SOTED de Cour_unique de Tokoin_SOTED par BOUVAREL OLIVIER', 370400, 75000, 0, 445400, 'ADMINISTRATEUR', 3, '2022-07-24 01:35:58', '2022-07-24 01:35:58'),
	(50, 'LOYER24', 'LOYER', '2022-07-01', 'Loyer de la Cour_unique de Tokoin_SOTED de Cour_unique de Tokoin_SOTED par BOUVAREL OLIVIER', 6120000, 225000, 0, 6345000, 'ADMINISTRATEUR', 3, '2022-07-24 01:36:12', '2022-07-24 01:36:12'),
	(51, 'LOYER24', 'EMOLUMENT', '2022-07-01', 'Emolument du loyer de la Cour_unique de Tokoin_SOTED de Cour_unique de Tokoin_SOTED par BOUVAREL OLIVIER', 445400, 25000, 0, 470400, 'ADMINISTRATEUR', 3, '2022-07-24 01:36:12', '2022-07-24 01:36:12'),
	(52, 'LOYER25', 'LOYER', '2022-07-10', 'Loyer de la Cour_unique de Tokoin_SOTED de Cour_unique de Tokoin_SOTED par BOUVAREL OLIVIER', 6345000, 2250000, 0, 8595000, 'ADMINISTRATEUR', 3, '2022-07-24 01:36:34', '2022-07-24 01:36:34'),
	(53, 'LOYER25', 'EMOLUMENT', '2022-07-10', 'Emolument du loyer de la Cour_unique de Tokoin_SOTED de Cour_unique de Tokoin_SOTED par BOUVAREL OLIVIER', 470400, 250000, 0, 720400, 'ADMINISTRATEUR', 3, '2022-07-24 01:36:34', '2022-07-24 01:36:34'),
	(54, 'LOYER26', 'LOYER', '2022-02-24', 'Loyer de la Chambre salon 03 de Cour_commune de Agbalepedo par KOSSI ELOM', 8595000, 135000, 0, 8730000, 'ADMINISTRATEUR', 3, '2022-07-24 01:37:01', '2022-07-24 01:37:01'),
	(55, 'LOYER26', 'EMOLUMENT', '2022-02-24', 'Emolument du loyer de la Chambre salon 03 de Cour_commune de Agbalepedo par KOSSI ELOM', 720400, 15000, 0, 735400, 'ADMINISTRATEUR', 3, '2022-07-24 01:37:01', '2022-07-24 01:37:01'),
	(56, 'LOYER27', 'LOYER', '2021-05-01', 'Loyer de la 2 Chambres salon de Cour_commune de Agoe par YAO KOSSI', 8730000, 180000, 0, 8910000, 'ADMINISTRATEUR', 3, '2022-07-24 01:37:24', '2022-07-24 01:37:24'),
	(57, 'LOYER27', 'EMOLUMENT', '2021-05-01', 'Emolument du loyer de la 2 Chambres salon de Cour_commune de Agoe par YAO KOSSI', 735400, 20000, 0, 755400, 'ADMINISTRATEUR', 3, '2022-07-24 01:37:24', '2022-07-24 01:37:24'),
	(58, 'LOYER28', 'LOYER', '2022-07-01', 'Loyer de la Chambre salon 01 de Cour_commune de Agoe par ALEX Togo Facile', 8910000, 324000, 0, 9234000, 'ADMINISTRATEUR', 3, '2022-07-24 01:37:49', '2022-07-24 01:37:49'),
	(59, 'LOYER28', 'EMOLUMENT', '2022-07-01', 'Emolument du loyer de la Chambre salon 01 de Cour_commune de Agoe par ALEX Togo Facile', 755400, 36000, 0, 791400, 'ADMINISTRATEUR', 3, '2022-07-24 01:37:49', '2022-07-24 01:37:49'),
	(60, 'LOYER29', 'LOYER', '2022-05-05', 'Loyer de la Chambre salon 02 de Cour_commune de Agoe par Dermane ZERIF', 9234000, 27000, 0, 9261000, 'ADMINISTRATEUR', 3, '2022-07-24 01:38:09', '2022-07-24 01:38:09'),
	(61, 'LOYER29', 'EMOLUMENT', '2022-05-05', 'Emolument du loyer de la Chambre salon 02 de Cour_commune de Agoe par Dermane ZERIF', 791400, 3000, 0, 794400, 'ADMINISTRATEUR', 3, '2022-07-24 01:38:09', '2022-07-24 01:38:09'),
	(62, 'LOYER30', 'LOYER', '2022-06-29', 'Loyer de la Chambre salon 02 de Cour_commune de Agoe par Dermane ZERIF', 9261000, 54000, 0, 9315000, 'ADMINISTRATEUR', 3, '2022-07-24 01:38:37', '2022-07-24 01:38:37'),
	(63, 'LOYER30', 'EMOLUMENT', '2022-06-29', 'Emolument du loyer de la Chambre salon 02 de Cour_commune de Agoe par Dermane ZERIF', 794400, 6000, 0, 800400, 'ADMINISTRATEUR', 3, '2022-07-24 01:38:37', '2022-07-24 01:38:37'),
	(64, 'LOYER31', 'LOYER', '2022-07-03', 'Loyer de la Chambre salon 02 de Cour_commune de Agoe par Dermane ZERIF', 9315000, 54000, 0, 9369000, 'ADMINISTRATEUR', 3, '2022-07-24 01:38:51', '2022-07-24 01:38:51'),
	(65, 'LOYER31', 'EMOLUMENT', '2022-07-03', 'Emolument du loyer de la Chambre salon 02 de Cour_commune de Agoe par Dermane ZERIF', 800400, 6000, 0, 806400, 'ADMINISTRATEUR', 3, '2022-07-24 01:38:51', '2022-07-24 01:38:51'),
	(66, 'LOYER32', 'LOYER', '2021-07-24', 'Loyer de la Chambre salon 03 de Cour_commune de Agoe par JOJO KODJO', 9369000, 54000, 0, 9423000, 'ADMINISTRATEUR', 3, '2022-07-24 01:39:09', '2022-07-24 01:39:09'),
	(67, 'LOYER32', 'EMOLUMENT', '2021-07-24', 'Emolument du loyer de la Chambre salon 03 de Cour_commune de Agoe par JOJO KODJO', 806400, 6000, 0, 812400, 'ADMINISTRATEUR', 3, '2022-07-24 01:39:09', '2022-07-24 01:39:09'),
	(68, 'LOYER33', 'LOYER', '2021-12-12', 'Loyer de la Chambre salon 03 de Cour_commune de Agoe par JOJO KODJO', 9423000, 54000, 0, 9477000, 'ADMINISTRATEUR', 3, '2022-07-24 01:39:26', '2022-07-24 01:39:26'),
	(69, 'LOYER33', 'EMOLUMENT', '2021-12-12', 'Emolument du loyer de la Chambre salon 03 de Cour_commune de Agoe par JOJO KODJO', 812400, 6000, 0, 818400, 'ADMINISTRATEUR', 3, '2022-07-24 01:39:26', '2022-07-24 01:39:26'),
	(70, 'LOYER34', 'LOYER', '2022-06-02', 'Loyer de la Chambre salon 03 de Cour_commune de Agoe par JOJO KODJO', 9477000, 270000, 0, 9747000, 'ADMINISTRATEUR', 3, '2022-07-24 01:40:06', '2022-07-24 01:40:06'),
	(71, 'LOYER34', 'EMOLUMENT', '2022-06-02', 'Emolument du loyer de la Chambre salon 03 de Cour_commune de Agoe par JOJO KODJO', 818400, 30000, 0, 848400, 'ADMINISTRATEUR', 3, '2022-07-24 01:40:06', '2022-07-24 01:40:06'),
	(72, 'RETRAIT', 'RETRAIT', '2022-07-21', 'Reparation de la toit de la chambre salon 2 de la cour commune de Minamadou', 9747000, 0, 68000, 9679000, 'Menusier ELOM', 3, '2022-07-24 02:12:54', '2022-07-24 02:12:54'),
	(73, 'RETRAIT', 'RETRAIT', '2022-07-14', 'Don a Mr Sani pour la fete de tabaski', 9679000, 0, 120000, 9559000, 'Mr SANI', 3, '2022-07-24 10:32:07', '2022-07-25 17:38:24'),
	(74, 'RETRAIT', 'RETRAIT', '2022-07-24', 'Depot en banque sur le compte ECOBANK', 9559000, 0, 4500000, 5059000, 'Alim', 3, '2022-07-24 10:34:20', '2022-07-24 10:34:20'),
	(75, 'DEPOT', 'DEPOT', '2022-07-23', 'Remboyrsement de Mohamed', 5059000, 230000, 0, 5289000, 'Mohamed', 3, '2022-07-24 10:35:26', '2022-07-24 10:35:26'),
	(76, 'RETRAIT', 'EMOLUMENT', '2022-07-22', 'Revison de la moto du service TG 67 87 BC', 848400, 0, 25000, 823400, 'Bernard', NULL, '2022-07-24 11:38:06', '2022-07-25 17:54:54'),
	(81, 'EMOLUMENT', 'EMOLUMENT', '2022-07-24', 'Credit telephonique Mr ALbert Essein', 823400, 0, 5000, 818400, 'Mr KOSSI As Comptable', NULL, '2022-07-24 11:49:13', '2022-07-24 12:09:23'),
	(82, 'LOYER35', 'LOYER', '2022-07-24', 'Loyer de la Chambre salon 02 de Cour_commune de Abidjan par NOUVELLE GENE', 1037400, 88000, 0, 1125400, 'ADMINISTRATEUR', 7, '2022-07-24 13:55:24', '2022-07-24 13:55:24'),
	(83, 'LOYER35', 'EMOLUMENT', '2022-07-24', 'Emolument du loyer de la Chambre salon 02 de Cour_commune de Abidjan par NOUVELLE GENE', 818400, 12000, 0, 830400, 'ADMINISTRATEUR', 7, '2022-07-24 13:55:24', '2022-07-24 13:55:24'),
	(84, 'LOYER36', 'LOYER', '2021-08-24', 'Loyer de Juillet 2020 Août 2020 de KADER KEITA', 347200, 17600, 0, 364800, 'ADMINISTRATEUR', 2, '2022-07-24 18:46:11', '2022-07-24 18:46:11'),
	(85, 'LOYER36', 'EMOLUMENT', '2021-08-24', 'Emolument du loyer de Juillet 2020 Août 2020 par KADER KEITA', 830400, 2400, 0, 832800, 'ADMINISTRATEUR', 2, '2022-07-24 18:46:11', '2022-07-24 18:46:11'),
	(86, 'LOYER35', 'LOYER', '2022-07-18', 'Correction Loyer de Juin 2023 par NOUVELLE GENE', 1125400, 0, 0, 1125400, 'ADMINISTRATEUR', 7, '2022-07-24 23:44:01', '2022-07-24 23:44:01'),
	(87, 'LOYER35', 'EMOLUMENT', '2022-07-18', 'Correction Emolument du loyer de  par NOUVELLE GENE', 832800, 0, 0, 832800, 'ADMINISTRATEUR', 7, '2022-07-24 23:44:01', '2022-07-24 23:44:01'),
	(88, 'LOYER24', 'LOYER', '2022-07-06', 'Correction Loyer de Janvier 2020 Février 2020 par BOUVAREL OLIVIER', 5289000, 250000, 0, 5539000, 'ADMINISTRATEUR', 3, '2022-07-25 00:32:13', '2022-07-25 00:32:13'),
	(89, 'LOYER24', 'EMOLUMENT', '2022-07-06', 'Correction Emolument du loyer de  par BOUVAREL OLIVIER', 832800, 25000, 0, 857800, 'ADMINISTRATEUR', 3, '2022-07-25 00:32:13', '2022-07-25 00:32:13'),
	(90, 'RETRAIT', 'RETRAIT', '2022-07-25', 'Depot en banque sur le compte ECOBANK', 5539000, 0, 3000000, 2539000, 'Mr KOSSI', 3, '2022-07-25 00:33:34', '2022-07-25 00:33:34'),
	(91, 'LOYER31', 'LOYER', '2022-07-03', 'Correction Loyer de Loyer de Mai 2022 Juin 2022 par Dermane ZERIF', 2539000, 0, 0, 2539000, 'ADMINISTRATEUR', 3, '2022-07-25 00:41:04', '2022-07-25 00:41:04'),
	(92, 'LOYER', 'EMOLUMENT', '2022-07-03', 'Correction Emolument du loyer de  par Dermane ZERIF', 857800, 0, 0, 857800, 'ADMINISTRATEUR', 3, '2022-07-25 00:41:04', '2022-07-25 00:41:04'),
	(93, 'LOYER31', 'LOYER', '2022-07-05', 'Correction Loyer de Mai 2022 Juin 2022 Juillet 2022 par Dermane ZERIF', 2539000, 30000, 0, 2569000, 'ADMINISTRATEUR', 3, '2022-07-25 00:41:42', '2022-07-25 00:41:42'),
	(94, 'LOYER', 'EMOLUMENT', '2022-07-05', 'Correction Emolument du loyer de  par Dermane ZERIF', 857800, 3000, 0, 860800, 'ADMINISTRATEUR', 3, '2022-07-25 00:41:42', '2022-07-25 00:41:42'),
	(95, 'LOYER31', 'LOYER', '2022-07-03', 'Correction Loyer de Mai 2022 Juin 2022 par Dermane ZERIF', 2569000, 0, 30000, 2539000, 'ADMINISTRATEUR', 3, '2022-07-25 00:42:18', '2022-07-25 00:42:18'),
	(96, 'LOYER', 'EMOLUMENT', '2022-07-03', 'Correction Emolument du loyer de  par Dermane ZERIF', 860800, 0, 3000, 857800, 'ADMINISTRATEUR', 3, '2022-07-25 00:42:18', '2022-07-25 00:42:18'),
	(97, 'RETRAIT', 'RETRAIT', '2022-07-19', 'Credit telephonique Mr ALbert Essein', 2539000, 0, 25000, 2514000, 'Mr KOSSI', 3, '2022-07-25 11:22:52', '2022-07-25 11:22:52'),
	(98, 'RETRAIT', 'RETRAIT', '2022-07-20', 'Construction de la terrasse de la maisn de Minamadou', 2514000, 0, 450000, 2064000, 'Mr Anani', 3, '2022-07-25 17:10:39', '2022-07-25 17:11:18'),
	(99, 'DEPOT', 'DEPOT', '2022-07-19', 'Correction de l opertion Construction de la terrasse de la maisn de Minamadou', 2064000, 30000, 0, 2094000, 'Mr Kossi', 3, '2022-07-25 17:20:21', '2022-07-25 17:20:21'),
	(104, 'LOYER31', 'LOYER', '2022-07-03', 'Correction Loyer de Mai 2022 Juin 2022 Juillet 2022 par Dermane ZERIF', 2094000, 30000, 0, 2124000, 'ADMINISTRATEUR', 3, '2022-07-25 18:09:52', '2022-07-25 18:09:52'),
	(105, 'LOYER31', 'EMOLUMENT', '2022-07-03', 'Correction Emolument du loyer de  par Dermane ZERIF', 857800, 3000, 0, 860800, 'ADMINISTRATEUR', 3, '2022-07-25 18:09:52', '2022-07-25 18:09:52'),
	(106, 'LOYER31', 'LOYER', '2022-07-03', 'Correction Loyer de Loyer de Mai 2022 Juin 2022 Juillet 2022 par Dermane ZERIF', 2124000, 0, 0, 2124000, 'ADMINISTRATEUR', 3, '2022-07-25 18:10:14', '2022-07-25 18:10:14'),
	(107, 'LOYER31', 'EMOLUMENT', '2022-07-03', 'Correction Emolument du loyer de  par Dermane ZERIF', 860800, 0, 0, 860800, 'ADMINISTRATEUR', 3, '2022-07-25 18:10:14', '2022-07-25 18:10:14'),
	(108, 'CONTRAT16', 'CONTRAT', '2020-01-01', 'Caution et Avance de la Cour_unique de Cite par JOJO KODJO', 0, 6110000, 0, 6110000, 'ADMINISTRATEUR', 5, '2022-07-25 19:06:00', '2022-07-25 19:06:00'),
	(109, 'CONTRAT16', 'EMOLUMENT', '2020-01-01', 'Emolument sur Avance de la Cour_unique de Cite par JOJO KODJO', 860800, 390000, 0, 1250800, 'ADMINISTRATEUR', 5, '2022-07-25 19:06:00', '2022-07-25 19:06:00'),
	(110, 'CONTRAT17', 'CONTRAT', '2020-01-01', 'Caution et Avance de la Cour_unique de Cite par JOJO KODJO', 6110000, 6110000, 0, 12220000, 'ADMINISTRATEUR', 5, '2022-07-25 19:06:10', '2022-07-25 19:06:10'),
	(111, 'CONTRAT17', 'EMOLUMENT', '2020-01-01', 'Emolument sur Avance de la Cour_unique de Cite par JOJO KODJO', 1250800, 390000, 0, 1640800, 'ADMINISTRATEUR', 5, '2022-07-25 19:06:10', '2022-07-25 19:06:10'),
	(112, 'CONTRAT18', 'CONTRAT', '2020-01-01', 'Caution et Avance de la Cour_unique de Cite par JOJO KODJO', 12220000, 6110000, 0, 18330000, 'ADMINISTRATEUR', 5, '2022-07-25 19:08:01', '2022-07-25 19:08:01'),
	(113, 'CONTRAT18', 'EMOLUMENT', '2020-01-01', 'Emolument sur Avance de la Cour_unique de Cite par JOJO KODJO', 1640800, 390000, 0, 2030800, 'ADMINISTRATEUR', 5, '2022-07-25 19:08:01', '2022-07-25 19:08:01'),
	(114, 'CONTRAT16', 'CONTRAT', '2022-07-25', 'Annulation du Contrat de la Cour_unique de Cite de Cour_unique de Cite par JOJO KODJO', 18330000, 0, 6110000, 12220000, 'ADMINISTRATEUR', 5, '2022-07-25 19:09:18', '2022-07-25 19:09:18'),
	(115, 'CONTRAT16', 'EMOLUMENT', '2022-07-25', 'Annulation du Contrat de la Cour_unique de Cite de Cour_unique de Cite par JOJO KODJO', 2030800, 0, 390000, 1640800, 'ADMINISTRATEUR', 5, '2022-07-25 19:09:18', '2022-07-25 19:09:18'),
	(116, 'CONTRAT17', 'CONTRAT', '2022-07-25', 'Annulation du Contrat de la Cour_unique de Cite de Cour_unique de Cite par JOJO KODJO', 12220000, 0, 6110000, 6110000, 'ADMINISTRATEUR', 5, '2022-07-25 19:09:24', '2022-07-25 19:09:24'),
	(117, 'CONTRAT17', 'EMOLUMENT', '2022-07-25', 'Annulation du Contrat de la Cour_unique de Cite de Cour_unique de Cite par JOJO KODJO', 1640800, 0, 390000, 1250800, 'ADMINISTRATEUR', 5, '2022-07-25 19:09:24', '2022-07-25 19:09:24'),
	(118, 'CONTRAT18', 'CONTRAT', '2022-07-25', 'Annulation du Contrat de la Cour_unique de Cite de Cour_unique de Cite par JOJO KODJO', 6110000, 0, 6110000, 0, 'ADMINISTRATEUR', 5, '2022-07-25 19:09:30', '2022-07-25 19:09:30'),
	(119, 'CONTRAT18', 'EMOLUMENT', '2022-07-25', 'Annulation du Contrat de la Cour_unique de Cite de Cour_unique de Cite par JOJO KODJO', 1250800, 0, 390000, 860800, 'ADMINISTRATEUR', 5, '2022-07-25 19:09:30', '2022-07-25 19:09:30'),
	(120, 'CONTRAT19', 'CONTRAT', '2020-01-01', 'Caution et Avance de la Cour_unique de Cite par JOJO KODJO', 0, 7215000, 0, 7215000, 'ADMINISTRATEUR', 5, '2022-07-25 19:10:16', '2022-07-25 19:10:16'),
	(121, 'CONTRAT19', 'EMOLUMENT', '2020-01-01', 'Emolument sur Avance de la Cour_unique de Cite par JOJO KODJO', 860800, 585000, 0, 1445800, 'ADMINISTRATEUR', 5, '2022-07-25 19:10:16', '2022-07-25 19:10:16'),
	(122, 'CONTRAT20', 'CONTRAT', '2021-08-02', 'Caution et Avance de la Piece 01 de Cour_commune de Agbalepedo par SODJA FEMME', 2124000, 144000, 0, 2268000, 'ADMINISTRATEUR', 3, '2022-07-25 19:12:55', '2022-07-25 19:12:55'),
	(123, 'CONTRAT20', 'EMOLUMENT', '2021-08-02', 'Emolument sur Avance de la Piece 01 de Cour_commune de Agbalepedo par SODJA FEMME', 1445800, 6000, 0, 1451800, 'ADMINISTRATEUR', 3, '2022-07-25 19:12:55', '2022-07-25 19:12:55'),
	(124, 'CONTRAT21', 'CONTRAT', '2021-08-02', 'Caution et Avance de la Piece 01 de Cour_commune de Agbalepedo par SODJA FEMME', 2268000, 144000, 0, 2412000, 'ADMINISTRATEUR', 3, '2022-07-25 19:13:07', '2022-07-25 19:13:07'),
	(125, 'CONTRAT21', 'EMOLUMENT', '2021-08-02', 'Emolument sur Avance de la Piece 01 de Cour_commune de Agbalepedo par SODJA FEMME', 1451800, 6000, 0, 1457800, 'ADMINISTRATEUR', 3, '2022-07-25 19:13:07', '2022-07-25 19:13:07'),
	(126, 'CONTRAT22', 'CONTRAT', '2020-06-01', 'Caution et Avance de la Piece 02 de Cour_commune de Agbalepedo par TU VOIT QUI', 2412000, 144000, 0, 2556000, 'ADMINISTRATEUR', 3, '2022-07-25 19:24:41', '2022-07-25 19:24:41'),
	(127, 'CONTRAT22', 'EMOLUMENT', '2020-06-01', 'Emolument sur Avance de la Piece 02 de Cour_commune de Agbalepedo par TU VOIT QUI', 1457800, 6000, 0, 1463800, 'ADMINISTRATEUR', 3, '2022-07-25 19:24:41', '2022-07-25 19:24:41'),
	(140, 'CONTRAT29', 'CONTRAT', '2021-01-01', 'Caution et Avance de la Cour_unique de Tokoin_SOTED par TU VOIT QUI', 2556000, 240000, 0, 2796000, 'ADMINISTRATEUR', 3, '2022-07-25 19:40:38', '2022-07-25 19:40:38'),
	(141, 'CONTRAT29', 'EMOLUMENT', '2021-01-01', 'Emolument sur Avance de la Cour_unique de Tokoin_SOTED par TU VOIT QUI', 1463800, 10000, 0, 1473800, 'ADMINISTRATEUR', 3, '2022-07-25 19:40:38', '2022-07-25 19:40:38'),
	(148, 'CONTRAT29', 'CONTRAT', '2021-01-01', 'Corretion du contrat de la Cour_unique de Tokoin_SOTED par TU VOIT QUI', 2796000, 0, 0, 2796000, 'ADMINISTRATEUR', 3, '2022-07-25 19:43:30', '2022-07-25 19:43:30'),
	(149, 'CONTRAT29', 'EMOLUMENT', '2021-01-01', 'Corretion Emolument sur avance de la Cour_unique de Tokoin_SOTED par TU VOIT QUI', 1473800, 0, 0, 1473800, 'ADMINISTRATEUR', 3, '2022-07-25 19:43:30', '2022-07-25 19:43:30'),
	(150, 'CONTRAT29', 'CONTRAT', '2021-01-01', 'Corretion du contrat de la Cour_unique de Tokoin_SOTED par TU VOIT QUI', 2796000, -97500, 0, 2698500, 'ADMINISTRATEUR', 3, '2022-07-25 19:43:43', '2022-07-25 19:43:43'),
	(151, 'CONTRAT29', 'EMOLUMENT', '2021-01-01', 'Corretion Emolument sur avance de la Cour_unique de Tokoin_SOTED par TU VOIT QUI', 1473800, -2500, 0, 1471300, 'ADMINISTRATEUR', 3, '2022-07-25 19:43:43', '2022-07-25 19:43:43'),
	(152, 'RESILIATION13', 'CONTRAT', '2022-07-25', 'Resiliation du Contrat de la Cour_unique de Tokoin_SOTED de Cour_unique de Tokoin_SOTED par BOUVAREL OLIVIER', 2698500, 0, 1500000, 1198500, 'ADMINISTRATEUR', 3, '2022-07-25 20:29:05', '2022-07-25 20:29:05'),
	(153, 'RESILIATION13', 'EMOLUMENT', '2022-07-25', 'Resiliation du Contrat de la Cour_unique de Tokoin_SOTED de Cour_unique de Tokoin_SOTED par BOUVAREL OLIVIER', 1471300, 0, 0, 1471300, 'ADMINISTRATEUR', 3, '2022-07-25 20:29:05', '2022-07-25 20:29:05'),
	(154, 'RESILIATION21', 'CONTRAT', '2022-07-25', 'Resiliation du Contrat de la Piece 01 de Cour_commune de Agbalepedo par SODJA FEMME', 1198500, 0, 84000, 1114500, 'ADMINISTRATEUR', 3, '2022-07-25 20:30:54', '2022-07-25 20:30:54'),
	(155, 'RESILIATION21', 'EMOLUMENT', '2022-07-25', 'Resiliation du Contrat de la Piece 01 de Cour_commune de Agbalepedo par SODJA FEMME', 1471300, 0, 6000, 1465300, 'ADMINISTRATEUR', 3, '2022-07-25 20:30:54', '2022-07-25 20:30:54'),
	(156, 'CONTRAT5', 'CONTRAT', '2022-07-25', 'Annulation du Contrat de la Chambre salon 01 de Cour_commune de Agbalepedo par DR KAOULO', 1114500, 0, 285000, 829500, 'ADMINISTRATEUR', 3, '2022-07-25 20:38:06', '2022-07-25 20:38:06'),
	(157, 'CONTRAT5', 'EMOLUMENT', '2022-07-25', 'Annulation du Contrat de la Chambre salon 01 de Cour_commune de Agbalepedo par DR KAOULO', 1465300, 0, 15000, 1450300, 'ADMINISTRATEUR', 3, '2022-07-25 20:38:06', '2022-07-25 20:38:06'),
	(158, 'RESILIATION19', 'CONTRAT', '2022-07-25', 'Resiliation du Contrat de la Cour_unique de Cite de Cour_unique de Cite par JOJO KODJO', 7215000, 0, 3900000, 3315000, 'ADMINISTRATEUR', 5, '2022-07-25 20:49:21', '2022-07-25 20:49:21'),
	(159, 'RESILIATION19', 'EMOLUMENT', '2022-07-25', 'Resiliation du Contrat de la Cour_unique de Cite de Cour_unique de Cite par JOJO KODJO', 1450300, 0, 0, 1450300, 'ADMINISTRATEUR', NULL, '2022-07-25 20:49:21', '2022-07-25 20:49:21'),
	(163, 'RESILIATION14', 'CONTRAT', '2022-07-25', 'Resiliation du Contrat de la Chambre salon 01 de Cour_commune de Abidjan par ENK2K', 1125400, 0, 270000, 855400, 'ADMINISTRATEUR', 7, '2022-07-25 20:51:15', '2022-07-25 20:51:15'),
	(164, 'RESILIATION14', 'EMOLUMENT', '2022-07-25', 'Resiliation du Contrat de la Chambre salon 01 de Cour_commune de Abidjan par ENK2K', 1450300, 0, 0, 1450300, 'ADMINISTRATEUR', 7, '2022-07-25 20:51:15', '2022-07-25 20:51:15'),
	(165, 'CONTRAT3', 'CONTRAT', '2020-02-01', 'Corretion du contrat de la Piece 02 de Cour_commune de Agoe_Minamadou par KADER KEITA', 364800, 0, 0, 364800, 'ADMINISTRATEUR', 2, '2022-07-25 20:53:11', '2022-07-25 20:53:11'),
	(166, 'CONTRAT3', 'EMOLUMENT', '2020-02-01', 'Corretion Emolument sur avance de la Piece 02 de Cour_commune de Agoe_Minamadou par KADER KEITA', 1450300, 0, 0, 1450300, 'ADMINISTRATEUR', 2, '2022-07-25 20:53:11', '2022-07-25 20:53:11'),
	(167, 'RESILIATION9', 'CONTRAT', '2022-07-25', 'Resiliation du Contrat de la 2 Chambres salon de Cour_commune de Agoe par YAO KOSSI', 829500, 0, 150000, 679500, 'ADMINISTRATEUR', 3, '2022-07-25 22:20:21', '2022-07-25 22:20:21'),
	(168, 'RESILIATION9', 'EMOLUMENT', '2022-07-25', 'Resiliation du Contrat de la 2 Chambres salon de Cour_commune de Agoe par YAO KOSSI', 1450300, 0, 0, 1450300, 'ADMINISTRATEUR', 3, '2022-07-25 22:20:21', '2022-07-25 22:20:21'),
	(169, 'RESILIATION1', 'CONTRAT', '2022-07-25', 'Resiliation du Contrat de la Villa 01 de Villa 01 par AZANGBEDJI Komla', 1320000, 0, 480000, 840000, 'ADMINISTRATEUR', 1, '2022-07-25 22:20:35', '2022-07-25 22:20:35'),
	(170, 'RESILIATION1', 'EMOLUMENT', '2022-07-25', 'Resiliation du Contrat de la Villa 01 de Villa 01 par AZANGBEDJI Komla', 1450300, 0, 0, 1450300, 'ADMINISTRATEUR', 1, '2022-07-25 22:20:35', '2022-07-25 22:20:35'),
	(172, 'LOYER31', 'LOYER', '2022-07-03', 'Correction Loyer de Mai 2022 Juin 2022 par Dermane ZERIF', 679500, 0, 30000, 649500, 'ADMINISTRATEUR', 3, '2022-07-25 22:29:11', '2022-07-25 22:29:11'),
	(173, 'LOYER31', 'EMOLUMENT', '2022-07-03', 'Correction Emolument du loyer de  par Dermane ZERIF', 1450300, 0, 3000, 1447300, 'ADMINISTRATEUR', 3, '2022-07-25 22:29:11', '2022-07-25 22:29:11'),
	(174, 'LOYER45', 'LOYER', '2022-07-25', 'Loyer de Decembre 2020 de TU VOIT QUI', 649500, 13500, 0, 663000, 'ADMINISTRATEUR', 3, '2022-07-25 22:38:40', '2022-07-25 22:38:40'),
	(175, 'LOYER45', 'EMOLUMENT', '2022-07-25', 'Emolument du loyer de Decembre 2020 par TU VOIT QUI', 1447300, 1500, 0, 1448800, 'ADMINISTRATEUR', 3, '2022-07-25 22:38:40', '2022-07-25 22:38:40'),
	(176, 'CONTRAT3', 'CONTRAT', '2020-02-01', 'Corretion du contrat de la Piece 02 de Cour_commune de Agoe_Minamadou par KADER KEITA', 364800, -8800, 0, 356000, 'ADMINISTRATEUR', 2, '2022-07-26 22:46:01', '2022-07-26 22:46:01'),
	(177, 'CONTRAT3', 'EMOLUMENT', '2020-02-01', 'Corretion Emolument sur avance de la Piece 02 de Cour_commune de Agoe_Minamadou par KADER KEITA', 1448800, -1200, 0, 1447600, 'ADMINISTRATEUR', 2, '2022-07-26 22:46:01', '2022-07-26 22:46:01'),
	(178, 'LOYER46', 'LOYER', '2022-07-26', 'Loyer de Octobre 2020 Novembre 2020 de KADER KEITA', 356000, 17600, 0, 373600, 'ADMINISTRATEUR', 2, '2022-07-26 22:50:01', '2022-07-26 22:50:01'),
	(179, 'LOYER46', 'EMOLUMENT', '2022-07-26', 'Emolument du loyer de Octobre 2020 Novembre 2020 par KADER KEITA', 1447600, 2400, 0, 1450000, 'ADMINISTRATEUR', 2, '2022-07-26 22:50:01', '2022-07-26 22:50:01'),
	(180, 'CONTRAT30', 'CONTRAT', '2021-01-01', 'Caution et Avance de la Villa 01 par ASSAN BOUTIQUIER', 840000, 1200000, 0, 2040000, 'ADMINISTRATEUR', 1, '2022-08-06 19:07:54', '2022-08-06 19:07:54'),
	(181, 'CONTRAT30', 'EMOLUMENT', '2021-01-01', 'Emolument sur Avance de la Villa 01 par ASSAN BOUTIQUIER', 1450000, 0, 0, 1450000, 'ADMINISTRATEUR', 1, '2022-08-06 19:07:54', '2022-08-06 19:07:54'),
	(182, 'LOYER48', 'LOYER', '2021-07-29', 'Loyer de Juillet 2021 Août 2021 de ASSAN BOUTIQUIER', 2040000, 240000, 0, 2280000, 'ADMINISTRATEUR', 1, '2022-08-06 19:09:02', '2022-08-06 19:09:02'),
	(183, 'LOYER48', 'EMOLUMENT', '2021-07-29', 'Emolument du loyer de Juillet 2021 Août 2021 par ASSAN BOUTIQUIER', 1450000, 0, 0, 1450000, 'ADMINISTRATEUR', 1, '2022-08-06 19:09:02', '2022-08-06 19:09:02'),
	(184, 'CREATION8', 'CREATION DU COMPTE', '2022-08-08', 'CREATION DU COMPTE', 0, 0, 0, 0, 'ADMINISTRATEUR', 8, '2022-08-08 10:26:18', '2022-08-08 10:26:18'),
	(185, 'CONTRAT31', 'CONTRAT', '2021-01-01', 'Caution et Avance de la Chambre salon 01 de Cour_commune de Agbalepedo par Nouri AKOSSIWA', 0, 199500, 0, 199500, 'ADMINISTRATEUR', 8, '2022-08-08 10:42:56', '2022-08-08 10:42:56'),
	(186, 'CONTRAT31', 'EMOLUMENT', '2021-01-01', 'Emolument sur Avance de la Chambre salon 01 de Cour_commune de Agbalepedo par Nouri AKOSSIWA', 1450000, 10500, 0, 1460500, 'ADMINISTRATEUR', 8, '2022-08-08 10:42:56', '2022-08-08 10:42:56'),
	(187, 'CONTRAT32', 'CONTRAT', '2020-02-01', 'Caution et Avance de la Chambre salon 02 de Cour_commune de Agbalepedo par wewz', 199500, 240000, 0, 439500, 'ADMINISTRATEUR', 8, '2022-08-08 10:43:36', '2022-08-08 10:43:36'),
	(188, 'CONTRAT32', 'EMOLUMENT', '2020-02-01', 'Emolument sur Avance de la Chambre salon 02 de Cour_commune de Agbalepedo par wewz', 1460500, 10000, 0, 1470500, 'ADMINISTRATEUR', 8, '2022-08-08 10:43:36', '2022-08-08 10:43:36'),
	(189, 'CONTRAT33', 'CONTRAT', '2021-01-01', 'Caution et Avance de la Magasin de Cour_commune de Agbalepedo par OK DINE', 439500, 570000, 0, 1009500, 'ADMINISTRATEUR', 8, '2022-08-08 10:44:26', '2022-08-08 10:44:26'),
	(190, 'CONTRAT33', 'EMOLUMENT', '2021-01-01', 'Emolument sur Avance de la Magasin de Cour_commune de Agbalepedo par OK DINE', 1470500, 30000, 0, 1500500, 'ADMINISTRATEUR', 8, '2022-08-08 10:44:26', '2022-08-08 10:44:26'),
	(191, 'LOYER52', 'LOYER', '2021-10-01', 'Loyer de Juillet 2020 Août 2020 Septembre 2020 de wewz', 1009500, 67500, 0, 1077000, 'ADMINISTRATEUR', 8, '2022-08-08 10:59:05', '2022-08-08 10:59:05'),
	(192, 'LOYER52', 'EMOLUMENT', '2021-10-01', 'Emolument du loyer de Juillet 2020 Août 2020 Septembre 2020 par wewz', 1500500, 7500, 0, 1508000, 'ADMINISTRATEUR', 8, '2022-08-08 10:59:05', '2022-08-08 10:59:05'),
	(193, 'RETRAIT', 'RETRAIT', '2022-08-08', 'Reparation de la chambre 1', 1077000, 0, 34000, 1043000, 'Macon KOFFi', 8, '2022-08-08 11:04:30', '2022-08-08 11:04:30'),
	(194, 'DEPOT', 'DEPOT', '2022-08-08', 'Neant', 1043000, 25000, 0, 1068000, 'Banque', 8, '2022-08-08 11:06:01', '2022-08-08 11:06:01'),
	(195, 'LOYER53', 'LOYER', '2022-08-08', 'Loyer de Février 2021 de TU VOIT QUI', 663000, 13500, 0, 676500, 'ADMINISTRATEUR', 3, '2022-08-08 11:37:35', '2022-08-08 11:37:35'),
	(196, 'LOYER53', 'EMOLUMENT', '2022-08-08', 'Emolument du loyer de Février 2021 par TU VOIT QUI', 1508000, 1500, 0, 1509500, 'ADMINISTRATEUR', 3, '2022-08-08 11:37:35', '2022-08-08 11:37:35'),
	(197, 'CONTRAT34', 'CONTRAT', '2020-02-21', 'Caution et Avance de la Chambre salon 01 de Cour_commune de Agbalepedo par SUPER COOL', 676500, 240000, 0, 916500, 'ADMINISTRATEUR', 3, '2022-08-27 21:19:03', '2022-08-27 21:19:03'),
	(198, 'CONTRAT34', 'EMOLUMENT', '2020-02-21', 'Emolument sur Avance de la Chambre salon 01 de Cour_commune de Agbalepedo par SUPER COOL', 1509500, 10000, 0, 1519500, 'ADMINISTRATEUR', 3, '2022-08-27 21:19:04', '2022-08-27 21:19:04'),
	(199, 'LOYER55', 'LOYER', '2020-08-27', 'Loyer de Août 2020 de SUPER COOL', 916500, 22500, 0, 939000, 'ADMINISTRATEUR', 3, '2022-08-27 21:19:33', '2022-08-27 21:19:33'),
	(200, 'LOYER55', 'EMOLUMENT', '2020-08-27', 'Emolument du loyer de Août 2020 par SUPER COOL', 1519500, 2500, 0, 1522000, 'ADMINISTRATEUR', 3, '2022-08-27 21:19:33', '2022-08-27 21:19:33'),
	(201, 'LOYER56', 'LOYER', '2022-08-28', 'Loyer de Avril 2021 de TU VOIT QUI', 939000, 13500, 0, 952500, 'ADMINISTRATEUR', 3, '2022-08-28 00:28:51', '2022-08-28 00:28:51'),
	(202, 'LOYER56', 'EMOLUMENT', '2022-08-28', 'Emolument du loyer de Avril 2021 par TU VOIT QUI', 1522000, 1500, 0, 1523500, 'ADMINISTRATEUR', 3, '2022-08-28 00:28:51', '2022-08-28 00:28:51');

-- Listage de la structure de la table gestimmob. payements
CREATE TABLE IF NOT EXISTS `payements` (
  `pay_id` int(10) unsigned NOT NULL AUTO_INCREMENT,
  `pay_date` date NOT NULL,
  `pay_heure` timestamp NOT NULL DEFAULT CURRENT_TIMESTAMP,
  `pay_mont` double(15,0) NOT NULL,
  `pay_nmc` double(8,0) NOT NULL,
  `pay_datepp` date NOT NULL,
  `pay_lib` varchar(255) COLLATE utf8mb4_unicode_ci DEFAULT NULL,
  `loc_id` int(11) NOT NULL,
  `dep_id` int(11) NOT NULL,
  `op_id` varchar(50) COLLATE utf8mb4_unicode_ci NOT NULL DEFAULT '',
  `created_at` timestamp NULL DEFAULT NULL,
  `updated_at` timestamp NULL DEFAULT NULL,
  PRIMARY KEY (`pay_id`)
) ENGINE=InnoDB AUTO_INCREMENT=57 DEFAULT CHARSET=utf8mb4 COLLATE=utf8mb4_unicode_ci;

-- Listage des données de la table gestimmob.payements : ~41 rows (environ)
INSERT INTO `payements` (`pay_id`, `pay_date`, `pay_heure`, `pay_mont`, `pay_nmc`, `pay_datepp`, `pay_lib`, `loc_id`, `dep_id`, `op_id`, `created_at`, `updated_at`) VALUES
	(1, '2020-02-01', '2022-07-25 02:53:04', 480000, 4, '2020-07-05', 'Avance Loyer de  Février 2020 Mars 2020 Avril 2020 Mai 2020', 15, 11, 'CONTRAT1', '2022-07-24 01:20:14', '2022-07-24 01:20:14'),
	(2, '2021-02-20', '2022-07-25 02:53:04', 60000, 6, '2021-10-05', 'Avance Loyer de  Mars 2021 Avril 2021 Mai 2021 Juin 2021 Juillet 2021 Août 2021', 16, 66, 'CONTRAT2', '2022-07-24 01:21:29', '2022-07-24 01:21:29'),
	(3, '2020-02-01', '2022-07-25 02:53:04', 30000, 3, '2020-06-05', 'Avance Loyer de  Février 2020 Mars 2020 Avril 2020', 17, 67, 'CONTRAT3', '2022-07-24 01:21:56', '2022-07-26 22:46:01'),
	(4, '2021-05-04', '2022-07-25 02:53:04', 40000, 4, '2021-10-05', 'Avance Loyer de  Mai 2021 Juin 2021 Juillet 2021 Août 2021', 17, 68, 'CONTRAT4', '2022-07-24 01:22:28', '2022-07-24 01:22:28'),
	(6, '2020-02-02', '2022-07-25 02:53:04', 150000, 6, '2020-09-05', 'Avance Loyer de  Février 2020 Mars 2020 Avril 2020 Mai 2020 Juin 2020 Juillet 2020', 19, 57, 'CONTRAT6', '2022-07-24 01:23:24', '2022-07-24 01:23:24'),
	(7, '2021-07-09', '2022-07-25 02:53:04', 75000, 3, '2020-12-05', 'Avance Loyer de  Août 2020 Septembre 2020 Octobre 2020', 20, 58, 'CONTRAT7', '2022-07-24 01:23:57', '2022-07-24 01:23:57'),
	(8, '2021-03-19', '2022-07-25 02:53:04', 120000, 6, '2021-11-05', 'Avance Loyer de  Avril 2021 Mai 2021 Juin 2021 Juillet 2021 Août 2021 Septembre 2021', 19, 61, 'CONTRAT8', '2022-07-24 01:24:30', '2022-07-24 01:24:30'),
	(9, '2020-01-01', '2022-07-25 02:53:04', 200000, 4, '2020-06-05', 'Avance Loyer de  Janvier 2020 Février 2020 Mars 2020 Avril 2020', 21, 63, 'CONTRAT9', '2022-07-24 01:25:20', '2022-07-24 01:25:20'),
	(10, '2021-01-01', '2022-07-25 02:53:04', 120000, 4, '2021-07-05', 'Avance Loyer de  Février 2021 Mars 2021 Avril 2021 Mai 2021', 22, 62, 'CONTRAT10', '2022-07-24 01:25:40', '2022-07-24 01:25:40'),
	(11, '2020-09-27', '2022-07-25 02:53:04', 180000, 6, '2021-05-05', 'Avance Loyer de  Octobre 2020 Novembre 2020 Decembre 2020 Janvier 2021 Février 2021 Mars 2021', 23, 64, 'CONTRAT11', '2022-07-24 01:26:07', '2022-07-24 01:26:07'),
	(12, '2020-09-09', '2022-07-25 02:53:04', 120000, 4, '2021-03-05', 'Avance Loyer de  Octobre 2020 Novembre 2020 Decembre 2020 Janvier 2021', 24, 65, 'CONTRAT12', '2022-07-24 01:26:33', '2022-07-24 01:26:33'),
	(13, '2019-01-01', '2022-07-25 02:53:04', 1500000, 6, '2019-09-05', 'Avance Loyer de  Février 2019 Mars 2019 Avril 2019 Mai 2019 Juin 2019 Juillet 2019', 19, 52, 'CONTRAT13', '2022-07-24 01:27:05', '2022-07-24 01:34:55'),
	(14, '2020-01-20', '2022-07-25 02:53:04', 180000, 4, '2020-07-05', 'Avance Loyer de  Février 2020 Mars 2020 Avril 2020 Mai 2020', 28, 69, 'CONTRAT14', '2022-07-24 01:29:45', '2022-07-24 01:29:45'),
	(15, '2021-04-10', '2022-07-25 02:53:04', 300000, 6, '2021-12-05', 'Avance Loyer de  Mai 2021 Juin 2021 Juillet 2021 Août 2021 Septembre 2021 Octobre 2021', 26, 70, 'CONTRAT15', '2022-07-24 01:30:12', '2022-07-24 01:30:12'),
	(16, '2020-07-24', '2022-07-25 02:53:04', 120000, 1, '2020-09-05', 'Loyer de Juillet 2020', 15, 11, 'LOYER', '2022-07-24 01:31:03', '2022-07-24 01:31:03'),
	(17, '2021-11-24', '2022-07-25 02:53:04', 30000, 3, '2022-02-05', 'Loyer de Octobre 2021 Novembre 2021 Decembre 2021', 16, 66, 'LOYER', '2022-07-24 01:31:39', '2022-07-24 01:31:39'),
	(18, '2021-11-11', '2022-07-25 02:53:04', 60000, 2, '2021-08-05', 'Loyer de Mai 2021 Juin 2021', 23, 64, 'LOYER', '2022-07-24 01:32:13', '2022-07-24 01:32:13'),
	(19, '2022-02-05', '2022-07-25 02:53:04', 90000, 3, '2021-12-05', 'Loyer de Août 2021 Septembre 2021 Octobre 2021', 23, 64, 'LOYER', '2022-07-24 01:32:32', '2022-07-24 01:32:32'),
	(20, '2022-05-24', '2022-07-25 02:53:04', 20000, 2, '2022-05-05', 'Loyer de Février 2022 Mars 2022', 16, 66, 'LOYER', '2022-07-24 01:33:08', '2022-07-24 01:33:08'),
	(21, '2021-12-25', '2022-07-25 02:53:04', 75000, 3, '2021-01-05', 'Loyer de Septembre 2020 Octobre 2020 Novembre 2020', 19, 57, 'LOYER', '2022-07-24 01:33:40', '2022-07-24 01:33:40'),
	(22, '2022-03-24', '2022-07-25 02:53:04', 60000, 3, '2022-03-05', 'Loyer de Novembre 2021 Decembre 2021 Janvier 2022', 19, 61, 'LOYER', '2022-07-24 01:33:59', '2022-07-24 01:33:59'),
	(23, '2022-06-01', '2022-07-25 02:53:04', 750000, 3, '2020-01-05', 'Loyer de Septembre 2019 Octobre 2019 Novembre 2019', 19, 52, 'LOYER', '2022-07-24 01:35:58', '2022-07-24 01:35:58'),
	(24, '2022-07-06', '2022-07-25 02:53:04', 500000, 2, '2020-04-05', 'Loyer de Janvier 2020 Février 2020', 19, 52, 'LOYER', '2022-07-24 01:36:12', '2022-07-25 00:32:13'),
	(25, '2022-07-10', '2022-07-25 02:53:04', 2500000, 10, '2021-02-05', 'Loyer de Mars 2020 Avril 2020 Mai 2020 Juin 2020 Juillet 2020 Août 2020 Septembre 2020 Octobre 2020 Novembre 2020 Decembre 2020', 19, 52, 'LOYER', '2022-07-24 01:36:34', '2022-07-24 01:36:34'),
	(26, '2022-02-24', '2022-07-25 02:53:04', 150000, 6, '2021-07-05', 'Loyer de Decembre 2020 Janvier 2021 Février 2021 Mars 2021 Avril 2021 Mai 2021', 20, 58, 'LOYER', '2022-07-24 01:37:01', '2022-07-24 01:37:01'),
	(27, '2021-05-01', '2022-07-25 02:53:04', 200000, 4, '2020-11-05', 'Loyer de Juin 2020 Juillet 2020 Août 2020 Septembre 2020', 21, 63, 'LOYER', '2022-07-24 01:37:24', '2022-07-24 01:37:24'),
	(28, '2022-07-01', '2022-07-25 02:53:04', 360000, 12, '2022-08-05', 'Loyer de Juillet 2021 Août 2021 Septembre 2021 Octobre 2021 Novembre 2021 Decembre 2021 Janvier 2022 Février 2022 Mars 2022 Avril 2022 Mai 2022 Juin 2022', 22, 62, 'LOYER', '2022-07-24 01:37:49', '2022-07-24 01:37:49'),
	(29, '2022-05-05', '2022-07-25 02:53:04', 30000, 1, '2022-02-05', 'Loyer de Decembre 2021', 23, 64, 'LOYER', '2022-07-24 01:38:09', '2022-07-24 01:38:09'),
	(30, '2022-06-29', '2022-07-25 02:53:04', 60000, 2, '2022-05-05', 'Loyer de Février 2022 Mars 2022', 23, 64, 'LOYER', '2022-07-24 01:38:37', '2022-07-24 01:38:37'),
	(31, '2022-07-03', '2022-07-25 02:53:04', 60000, 2, '2022-08-05', 'Loyer de Mai 2022 Juin 2022', 23, 64, 'LOYER', '2022-07-24 01:38:51', '2022-07-25 22:29:11'),
	(32, '2021-07-24', '2022-07-25 02:53:04', 60000, 2, '2021-06-05', 'Loyer de Mars 2021 Avril 2021', 24, 65, 'LOYER', '2022-07-24 01:39:09', '2022-07-24 01:39:09'),
	(33, '2021-12-12', '2022-07-25 02:53:04', 60000, 2, '2021-09-05', 'Loyer de Juin 2021 Juillet 2021', 24, 65, 'LOYER', '2022-07-24 01:39:26', '2022-07-24 01:39:26'),
	(34, '2022-06-02', '2022-07-25 02:53:04', 300000, 10, '2022-08-05', 'Loyer de Septembre 2021 Octobre 2021 Novembre 2021 Decembre 2021 Janvier 2022 Février 2022 Mars 2022 Avril 2022 Mai 2022 Juin 2022', 24, 65, 'LOYER', '2022-07-24 01:40:06', '2022-07-24 01:40:06'),
	(35, '2022-07-18', '2022-07-25 02:53:04', 50000, 1, '2023-08-05', 'Loyer de Juin 2023', 26, 70, 'LOYER', '2022-07-24 13:55:24', '2022-07-24 23:44:01'),
	(36, '2021-08-24', '2022-07-25 02:53:04', 20000, 2, '2020-10-05', 'Loyer de Juillet 2020 Août 2020', 17, 67, 'LOYER', '2022-07-24 18:46:11', '2022-07-24 18:46:11'),
	(40, '2020-01-01', '2022-07-25 21:10:16', 3900000, 6, '2020-09-05', 'Avance Loyer de  Février 2020 Mars 2020 Avril 2020 Mai 2020 Juin 2020 Juillet 2020', 24, 51, 'CONTRAT19', '2022-07-25 19:10:16', '2022-07-25 19:10:16'),
	(41, '2021-08-02', '2022-07-25 21:12:55', 60000, 4, '2022-01-05', 'Avance Loyer de  Août 2021 Septembre 2021 Octobre 2021 Novembre 2021', 29, 59, 'CONTRAT20', '2022-07-25 19:12:55', '2022-07-25 19:12:55'),
	(42, '2021-08-02', '2022-07-25 21:13:07', 60000, 4, '2022-01-05', 'Avance Loyer de  Août 2021 Septembre 2021 Octobre 2021 Novembre 2021', 29, 59, 'CONTRAT21', '2022-07-25 19:13:07', '2022-07-25 19:13:07'),
	(43, '2020-06-01', '2022-07-25 21:24:41', 60000, 4, '2020-12-05', 'Avance Loyer de  Juillet 2020 Août 2020 Septembre 2020 Octobre 2020', 30, 60, 'CONTRAT22', '2022-07-25 19:24:41', '2022-07-25 19:24:41'),
	(44, '2021-01-01', '2022-07-25 21:40:38', 75000, 3, '2021-06-05', 'Avance Loyer de  Février 2021 Mars 2021 Avril 2021', 30, 53, 'CONTRAT29', '2022-07-25 19:40:38', '2022-07-25 19:43:43'),
	(45, '2022-07-25', '2022-07-26 00:38:40', 15000, 1, '2021-02-05', 'Loyer de Decembre 2020', 30, 60, 'LOYER', '2022-07-25 22:38:40', '2022-07-25 22:38:40'),
	(46, '2022-07-26', '2022-07-27 00:50:01', 20000, 2, '2021-01-05', 'Loyer de Octobre 2020 Novembre 2020', 17, 67, 'LOYER', '2022-07-26 22:50:01', '2022-07-26 22:50:01'),
	(47, '2021-01-01', '2022-08-06 21:07:54', 480000, 4, '2021-07-05', 'Avance Loyer de  Février 2021 Mars 2021 Avril 2021 Mai 2021', 32, 11, 'CONTRAT30', '2022-08-06 19:07:54', '2022-08-06 19:07:54'),
	(48, '2021-07-29', '2022-08-06 21:09:02', 240000, 2, '2021-10-05', 'Loyer de Juillet 2021 Août 2021', 32, 11, 'LOYER', '2022-08-06 19:09:02', '2022-08-06 19:09:02'),
	(49, '2021-01-01', '2022-08-08 12:42:56', 105000, 3, '2021-05-05', 'Avance Loyer de  Janvier 2021 Février 2021 Mars 2021', 33, 71, 'CONTRAT31', '2022-08-08 10:42:56', '2022-08-08 10:42:56'),
	(50, '2020-02-01', '2022-08-08 12:43:36', 100000, 4, '2020-07-05', 'Avance Loyer de  Février 2020 Mars 2020 Avril 2020 Mai 2020', 34, 72, 'CONTRAT32', '2022-08-08 10:43:36', '2022-08-08 10:43:36'),
	(51, '2021-01-01', '2022-08-08 12:44:26', 300000, 6, '2021-08-05', 'Avance Loyer de  Janvier 2021 Février 2021 Mars 2021 Avril 2021 Mai 2021 Juin 2021', 31, 73, 'CONTRAT33', '2022-08-08 10:44:26', '2022-08-08 10:44:26'),
	(52, '2021-10-01', '2022-08-08 12:59:05', 75000, 3, '2020-11-05', 'Loyer de Juillet 2020 Août 2020 Septembre 2020', 34, 72, 'LOYER', '2022-08-08 10:59:05', '2022-08-08 10:59:05'),
	(53, '2022-08-08', '2022-08-08 13:37:35', 15000, 1, '2021-04-05', 'Loyer de Février 2021', 30, 60, 'LOYER', '2022-08-08 11:37:35', '2022-08-08 11:37:35'),
	(54, '2020-02-21', '2022-08-27 23:19:04', 100000, 4, '2020-08-05', 'Avance Loyer de  Mars 2020 Avril 2020 Mai 2020 Juin 2020', 35, 56, 'CONTRAT34', '2022-08-27 21:19:04', '2022-08-27 21:19:04'),
	(55, '2020-08-27', '2022-08-27 23:19:33', 25000, 1, '2020-10-05', 'Loyer de Août 2020', 35, 56, 'LOYER', '2022-08-27 21:19:33', '2022-08-27 21:19:33'),
	(56, '2022-08-28', '2022-08-28 02:28:51', 15000, 1, '2021-06-05', 'Loyer de Avril 2021', 30, 60, 'LOYER', '2022-08-28 00:28:51', '2022-08-28 00:28:51');

-- Listage de la structure de la table gestimmob. payement_exes
CREATE TABLE IF NOT EXISTS `payement_exes` (
  `id` int(10) unsigned NOT NULL AUTO_INCREMENT,
  `date` date NOT NULL,
  `locataire` varchar(100) COLLATE utf8mb4_unicode_ci NOT NULL,
  `proprietaire` varchar(100) COLLATE utf8mb4_unicode_ci NOT NULL,
  `maison` varchar(100) COLLATE utf8mb4_unicode_ci NOT NULL,
  `dependance` varchar(100) COLLATE utf8mb4_unicode_ci NOT NULL,
  `loyer` varchar(100) COLLATE utf8mb4_unicode_ci NOT NULL,
  `libelle` varchar(200) COLLATE utf8mb4_unicode_ci DEFAULT NULL,
  `arriere` varchar(200) COLLATE utf8mb4_unicode_ci NOT NULL,
  `montant` varchar(100) COLLATE utf8mb4_unicode_ci NOT NULL,
  `created_at` timestamp NULL DEFAULT NULL,
  `updated_at` timestamp NULL DEFAULT NULL,
  PRIMARY KEY (`id`)
) ENGINE=InnoDB AUTO_INCREMENT=194 DEFAULT CHARSET=utf8mb4 COLLATE=utf8mb4_unicode_ci;

-- Listage des données de la table gestimmob.payement_exes : ~0 rows (environ)
INSERT INTO `payement_exes` (`id`, `date`, `locataire`, `proprietaire`, `maison`, `dependance`, `loyer`, `libelle`, `arriere`, `montant`, `created_at`, `updated_at`) VALUES
	(156, '2021-01-01', 'OK DINE', 'KOSSI EMMANUELE', 'Cour_commune de Agbalepedo', 'Magasin', '300000', 'Avance Loyer de  Janvier 2021 Février 2021 Mars 2021 Avril 2021 Mai 2021 Juin 2021', '1 an(s)  6', '900000', '2023-02-03 14:07:27', '2023-02-03 14:07:27'),
	(157, '2021-01-01', 'Nouri AKOSSIWA', 'KOSSI EMMANUELE', 'Cour_commune de Agbalepedo', 'Chambre salon 01', '105000', 'Avance Loyer de  Janvier 2021 Février 2021 Mars 2021', '1 an(s)  9', '840000', '2023-02-03 14:07:27', '2023-02-03 14:07:27'),
	(158, '2021-01-01', 'ALEX Togo Facile', 'OURO-DJOBO Fechal', 'Cour_commune de Agoe', 'Chambre salon 01', '120000', 'Avance Loyer de  Février 2021 Mars 2021 Avril 2021 Mai 2021', '1 an(s)  7', '570000', '2023-02-03 14:07:27', '2023-02-03 14:07:27'),
	(159, '2021-01-01', 'TU VOIT QUI', 'OURO-DJOBO Fechal', 'Cour_unique de Tokoin_SOTED', 'Piece 8', '75000', 'Avance Loyer de  Février 2021 Mars 2021 Avril 2021', '1 an(s)  8', '500000', '2023-02-03 14:07:27', '2023-02-03 14:07:27'),
	(160, '2021-01-01', 'ASSAN BOUTIQUIER', 'Celestine Adjovi', 'Villa 01', 'Villa 01', '480000', 'Avance Loyer de  Février 2021 Mars 2021 Avril 2021 Mai 2021', '1 an(s)  7', '2280000', '2023-02-03 14:07:27', '2023-02-03 14:07:27'),
	(161, '2021-02-20', 'Malik Edem', 'BERNARD Dadier', 'Cour_commune de Agoe_Minamadou', 'Piece 01', '60000', 'Avance Loyer de  Mars 2021 Avril 2021 Mai 2021 Juin 2021 Juillet 2021 Août 2021', '1 an(s)  4', '160000', '2023-02-03 14:07:27', '2023-02-03 14:07:27'),
	(162, '2021-03-19', 'BOUVAREL OLIVIER', 'OURO-DJOBO Fechal', 'Cour_commune de Agbalepedo', 'Magasin', '120000', 'Avance Loyer de  Avril 2021 Mai 2021 Juin 2021 Juillet 2021 Août 2021 Septembre 2021', '1 an(s)  3', '300000', '2023-02-03 14:07:27', '2023-02-03 14:07:27'),
	(163, '2021-04-10', 'NOUVELLE GENE', 'CHEICK YVANE', 'Cour_commune de Abidjan', 'Chambre salon 02', '300000', 'Avance Loyer de  Mai 2021 Juin 2021 Juillet 2021 Août 2021 Septembre 2021 Octobre 2021', '1 an(s)  2', '700000', '2023-02-03 14:07:27', '2023-02-03 14:07:27'),
	(164, '2021-05-01', 'YAO KOSSI', 'OURO-DJOBO Fechal', 'Cour_commune de Agoe', '2 Chambres salon', '200000', 'Loyer de Juin 2020 Juillet 2020 Août 2020 Septembre 2020', '2 an(s)  3', '1350000', '2023-02-03 14:07:27', '2023-02-03 14:07:27'),
	(165, '2021-05-04', 'KADER KEITA', 'BERNARD Dadier', 'Cour_commune de Agoe_Minamadou', 'Piece 03', '40000', 'Avance Loyer de  Mai 2021 Juin 2021 Juillet 2021 Août 2021', '1 an(s)  4', '160000', '2023-02-03 14:07:27', '2023-02-03 14:07:27'),
	(166, '2021-07-09', 'KOSSI ELOM', 'OURO-DJOBO Fechal', 'Cour_commune de Agbalepedo', 'Chambre salon 03', '75000', 'Avance Loyer de  Août 2020 Septembre 2020 Octobre 2020', '2 an(s)  2', '650000', '2023-02-03 14:07:27', '2023-02-03 14:07:27'),
	(167, '2021-07-24', 'JOJO KODJO', 'OURO-DJOBO Fechal', 'Cour_commune de Agoe', 'Chambre salon 03', '60000', 'Loyer de Mars 2021 Avril 2021', '1 an(s)  8', '600000', '2023-02-03 14:07:27', '2023-02-03 14:07:27'),
	(168, '2021-07-29', 'ASSAN BOUTIQUIER', 'Celestine Adjovi', 'Villa 01', 'Villa 01', '240000', 'Loyer de Juillet 2021 Août 2021', '1 an(s)  4', '1920000', '2023-02-03 14:07:27', '2023-02-03 14:07:27'),
	(169, '2021-08-02', 'SODJA FEMME', 'OURO-DJOBO Fechal', 'Cour_commune de Agbalepedo', 'Piece 01', '60000', 'Avance Loyer de  Août 2021 Septembre 2021 Octobre 2021 Novembre 2021', '1 an(s)  0', '180000', '2023-02-03 14:07:27', '2023-02-03 14:07:27'),
	(170, '2021-08-02', 'SODJA FEMME', 'OURO-DJOBO Fechal', 'Cour_commune de Agbalepedo', 'Piece 01', '60000', 'Avance Loyer de  Août 2021 Septembre 2021 Octobre 2021 Novembre 2021', '1 an(s)  0', '180000', '2023-02-03 14:07:27', '2023-02-03 14:07:27'),
	(171, '2021-08-24', 'KADER KEITA', 'BERNARD Dadier', 'Cour_commune de Agoe_Minamadou', 'Piece 02', '20000', 'Loyer de Juillet 2020 Août 2020', '2 an(s)  4', '280000', '2023-02-03 14:07:27', '2023-02-03 14:07:27'),
	(172, '2021-10-01', 'wewz', 'KOSSI EMMANUELE', 'Cour_commune de Agbalepedo', 'Chambre salon 02', '75000', 'Loyer de Juillet 2020 Août 2020 Septembre 2020', '2 an(s)  3', '675000', '2023-02-03 14:07:27', '2023-02-03 14:07:27'),
	(173, '2021-11-11', 'Dermane ZERIF', 'OURO-DJOBO Fechal', 'Cour_commune de Agoe', 'Chambre salon 02', '60000', 'Loyer de Mai 2021 Juin 2021', '1 an(s)  6', '540000', '2023-02-03 14:07:27', '2023-02-03 14:07:27'),
	(174, '2021-11-24', 'Malik Edem', 'BERNARD Dadier', 'Cour_commune de Agoe_Minamadou', 'Piece 01', '30000', 'Loyer de Octobre 2021 Novembre 2021 Decembre 2021', ' 12', '120000', '2023-02-03 14:07:27', '2023-02-03 14:07:27'),
	(175, '2021-12-12', 'JOJO KODJO', 'OURO-DJOBO Fechal', 'Cour_commune de Agoe', 'Chambre salon 03', '60000', 'Loyer de Juin 2021 Juillet 2021', '1 an(s)  5', '510000', '2023-02-03 14:07:27', '2023-02-03 14:07:27'),
	(176, '2021-12-25', 'BOUVAREL OLIVIER', 'OURO-DJOBO Fechal', 'Cour_commune de Agbalepedo', 'Chambre salon 02', '75000', 'Loyer de Septembre 2020 Octobre 2020 Novembre 2020', '2 an(s)  0', '600000', '2023-02-03 14:07:27', '2023-02-03 14:07:27'),
	(177, '2022-02-05', 'Dermane ZERIF', 'OURO-DJOBO Fechal', 'Cour_commune de Agoe', 'Chambre salon 02', '90000', 'Loyer de Août 2021 Septembre 2021 Octobre 2021', '1 an(s)  2', '420000', '2023-02-03 14:07:27', '2023-02-03 14:07:27'),
	(178, '2022-02-24', 'KOSSI ELOM', 'OURO-DJOBO Fechal', 'Cour_commune de Agbalepedo', 'Chambre salon 03', '150000', 'Loyer de Decembre 2020 Janvier 2021 Février 2021 Mars 2021 Avril 2021 Mai 2021', '1 an(s)  7', '475000', '2023-02-03 14:07:27', '2023-02-03 14:07:27'),
	(179, '2022-03-24', 'BOUVAREL OLIVIER', 'OURO-DJOBO Fechal', 'Cour_commune de Agbalepedo', 'Magasin', '60000', 'Loyer de Novembre 2021 Decembre 2021 Janvier 2022', ' 11', '220000', '2023-02-03 14:07:27', '2023-02-03 14:07:27'),
	(180, '2022-05-05', 'Dermane ZERIF', 'OURO-DJOBO Fechal', 'Cour_commune de Agoe', 'Chambre salon 02', '30000', 'Loyer de Decembre 2021', ' 12', '360000', '2023-02-03 14:07:27', '2023-02-03 14:07:27'),
	(181, '2022-05-24', 'Malik Edem', 'BERNARD Dadier', 'Cour_commune de Agoe_Minamadou', 'Piece 01', '20000', 'Loyer de Février 2022 Mars 2022', ' 9', '90000', '2023-02-03 14:07:27', '2023-02-03 14:07:27'),
	(182, '2022-06-01', 'BOUVAREL OLIVIER', 'OURO-DJOBO Fechal', 'Cour_unique de Tokoin_SOTED', 'Cour_unique de Tokoin_SOTED', '750000', 'Loyer de Septembre 2019 Octobre 2019 Novembre 2019', '3 an(s)  1', '9250000', '2023-02-03 14:07:27', '2023-02-03 14:07:27'),
	(183, '2022-06-02', 'JOJO KODJO', 'OURO-DJOBO Fechal', 'Cour_commune de Agoe', 'Chambre salon 03', '300000', 'Loyer de Septembre 2021 Octobre 2021 Novembre 2021 Decembre 2021 Janvier 2022 Février 2022 Mars 2022 Avril 2022 Mai 2022 Juin 2022', ' 6', '180000', '2023-02-03 14:07:27', '2023-02-03 14:07:27'),
	(184, '2022-06-29', 'Dermane ZERIF', 'OURO-DJOBO Fechal', 'Cour_commune de Agoe', 'Chambre salon 02', '60000', 'Loyer de Février 2022 Mars 2022', ' 9', '270000', '2023-02-03 14:07:27', '2023-02-03 14:07:27'),
	(185, '2022-07-01', 'ALEX Togo Facile', 'OURO-DJOBO Fechal', 'Cour_commune de Agoe', 'Chambre salon 01', '360000', 'Loyer de Juillet 2021 Août 2021 Septembre 2021 Octobre 2021 Novembre 2021 Decembre 2021 Janvier 2022 Février 2022 Mars 2022 Avril 2022 Mai 2022 Juin 2022', ' 6', '180000', '2023-02-03 14:07:27', '2023-02-03 14:07:27'),
	(186, '2022-07-03', 'Dermane ZERIF', 'OURO-DJOBO Fechal', 'Cour_commune de Agoe', 'Chambre salon 02', '60000', 'Loyer de Mai 2022 Juin 2022', ' 6', '180000', '2023-02-03 14:07:27', '2023-02-03 14:07:27'),
	(187, '2022-07-06', 'BOUVAREL OLIVIER', 'OURO-DJOBO Fechal', 'Cour_unique de Tokoin_SOTED', 'Cour_unique de Tokoin_SOTED', '500000', 'Loyer de Janvier 2020 Février 2020', '2 an(s)  10', '8500000', '2023-02-03 14:07:27', '2023-02-03 14:07:27'),
	(188, '2022-07-10', 'BOUVAREL OLIVIER', 'OURO-DJOBO Fechal', 'Cour_unique de Tokoin_SOTED', 'Cour_unique de Tokoin_SOTED', '2500000', 'Loyer de Mars 2020 Avril 2020 Mai 2020 Juin 2020 Juillet 2020 Août 2020 Septembre 2020 Octobre 2020 Novembre 2020 Decembre 2020', '1 an(s)  12', '6000000', '2023-02-03 14:07:27', '2023-02-03 14:07:27'),
	(189, '2022-07-18', 'NOUVELLE GENE', 'CHEICK YVANE', 'Cour_commune de Abidjan', 'Chambre salon 02', '50000', 'Loyer de Juin 2023', ' 6', '300000', '2023-02-03 14:07:27', '2023-02-03 14:07:27'),
	(190, '2022-07-25', 'TU VOIT QUI', 'OURO-DJOBO Fechal', 'Cour_commune de Agbalepedo', 'Piece 02', '15000', 'Loyer de Decembre 2020', '1 an(s)  12', '360000', '2023-02-03 14:07:27', '2023-02-03 14:07:27'),
	(191, '2022-07-26', 'KADER KEITA', 'BERNARD Dadier', 'Cour_commune de Agoe_Minamadou', 'Piece 02', '20000', 'Loyer de Octobre 2020 Novembre 2020', '2 an(s)  0', '240000', '2023-02-03 14:07:27', '2023-02-03 14:07:27'),
	(192, '2022-08-08', 'TU VOIT QUI', 'OURO-DJOBO Fechal', 'Cour_commune de Agbalepedo', 'Piece 02', '15000', 'Loyer de Février 2021', '1 an(s)  10', '330000', '2023-02-03 14:07:27', '2023-02-03 14:07:27'),
	(193, '2022-08-28', 'TU VOIT QUI', 'OURO-DJOBO Fechal', 'Cour_commune de Agbalepedo', 'Piece 02', '15000', 'Loyer de Avril 2021', '1 an(s)  8', '300000', '2023-02-03 14:07:27', '2023-02-03 14:07:27');

-- Listage de la structure de la table gestimmob. proprietaires
CREATE TABLE IF NOT EXISTS `proprietaires` (
  `pro_id` int(10) unsigned NOT NULL AUTO_INCREMENT,
  `pro_np` varchar(255) COLLATE utf8mb4_unicode_ci NOT NULL,
  `pro_adr` varchar(255) COLLATE utf8mb4_unicode_ci NOT NULL,
  `pro_tel` varchar(255) COLLATE utf8mb4_unicode_ci NOT NULL,
  `pro_piece` varchar(255) COLLATE utf8mb4_unicode_ci DEFAULT 'vide.png',
  `pro_cpte` double(15,0) NOT NULL,
  `pro_etat` varchar(50) COLLATE utf8mb4_unicode_ci NOT NULL DEFAULT 'OK',
  `created_at` timestamp NULL DEFAULT NULL,
  `updated_at` timestamp NULL DEFAULT NULL,
  PRIMARY KEY (`pro_id`)
) ENGINE=InnoDB AUTO_INCREMENT=9 DEFAULT CHARSET=utf8mb4 COLLATE=utf8mb4_unicode_ci;

-- Listage des données de la table gestimmob.proprietaires : ~7 rows (environ)
INSERT INTO `proprietaires` (`pro_id`, `pro_np`, `pro_adr`, `pro_tel`, `pro_piece`, `pro_cpte`, `pro_etat`, `created_at`, `updated_at`) VALUES
	(1, 'Celestine Adjovi', '8 route d\'espalion', '0676744984', '1656888700.jpg', 2280000, 'OK', '2022-05-30 18:42:32', '2022-08-06 19:09:02'),
	(2, 'BERNARD Dadier', 'Tokoin Soted', '90098765', 'vide.png', 373600, 'OK', '2022-05-30 18:53:32', '2022-07-26 22:50:01'),
	(3, 'OURO-DJOBO Fechal', 'Lome - Sogbossito', '91943624 / 99084740', 'vide.png', 952500, 'OK', '2022-05-30 18:55:58', '2022-08-28 00:28:51'),
	(4, 'EDEM KODJO', 'Tokoin Cassablanca', '228', 'vide.png', 0, 'OK', '2022-05-30 18:57:45', '2022-06-29 21:12:21'),
	(5, 'ALASSANI MOLAH', 'KOMAH - SOKODE', '00228', '1654003668.png', 3315000, 'OK', '2022-05-31 13:27:48', '2022-07-25 20:49:21'),
	(6, 'KOSSI', 'Tokoun', '00228', '1654427521.jpg', 0, 'OK', '2022-06-05 11:12:01', '2022-06-29 21:12:13'),
	(7, 'CHEICK YVANE', 'Abidjan', '00225', 'vide.png', 855400, 'OK', '2022-07-24 01:09:01', '2022-07-25 20:51:15'),
	(8, 'KOSSI EMMANUELE', 'Commercant', '90998654', '1659954378.png', 1068000, 'OK', '2022-08-08 10:26:18', '2022-08-08 11:06:01');

-- Listage de la structure de la table gestimmob. salles
CREATE TABLE IF NOT EXISTS `salles` (
  `sa_id` int(10) unsigned NOT NULL AUTO_INCREMENT,
  `sa_lib` varchar(100) COLLATE utf8mb4_unicode_ci NOT NULL,
  `sa_etat` varchar(20) COLLATE utf8mb4_unicode_ci NOT NULL DEFAULT 'OK',
  `created_at` timestamp NULL DEFAULT NULL,
  `updated_at` timestamp NULL DEFAULT NULL,
  PRIMARY KEY (`sa_id`)
) ENGINE=InnoDB AUTO_INCREMENT=6 DEFAULT CHARSET=utf8mb4 COLLATE=utf8mb4_unicode_ci;

-- Listage des données de la table gestimmob.salles : ~5 rows (environ)
INSERT INTO `salles` (`sa_id`, `sa_lib`, `sa_etat`, `created_at`, `updated_at`) VALUES
	(1, 'Salle d archive principale', 'OK', NULL, '2022-07-26 10:57:55'),
	(2, 'Salle secondaire rez de chussee', 'Delete', '2022-07-26 10:53:52', '2022-07-26 10:59:48'),
	(3, 'text de salle', 'Delete', '2022-07-26 10:58:30', '2022-07-26 10:59:42'),
	(4, 'Salle principale', 'OK', '2022-08-08 10:34:59', '2022-08-08 10:34:59'),
	(5, 'Salle secondaire', 'OK', '2022-08-08 10:35:05', '2022-08-08 10:35:05');

-- Listage de la structure de la table gestimmob. traitements
CREATE TABLE IF NOT EXISTS `traitements` (
  `tr_id` int(10) unsigned NOT NULL AUTO_INCREMENT,
  `tr_date` date NOT NULL,
  `tr_lib` varchar(255) COLLATE utf8mb4_unicode_ci NOT NULL,
  `tr_desc` longtext COLLATE utf8mb4_unicode_ci NOT NULL,
  `tr_etat` varchar(50) COLLATE utf8mb4_unicode_ci NOT NULL DEFAULT 'OK',
  `sa_id` int(11) NOT NULL,
  `arm_id` int(11) NOT NULL,
  `ar_id` int(11) NOT NULL,
  `arm_rang` varchar(255) COLLATE utf8mb4_unicode_ci NOT NULL,
  `arm_col` varchar(255) COLLATE utf8mb4_unicode_ci NOT NULL,
  `created_at` timestamp NULL DEFAULT NULL,
  `updated_at` timestamp NULL DEFAULT NULL,
  PRIMARY KEY (`tr_id`)
) ENGINE=InnoDB AUTO_INCREMENT=7 DEFAULT CHARSET=utf8mb4 COLLATE=utf8mb4_unicode_ci;

-- Listage des données de la table gestimmob.traitements : ~2 rows (environ)
INSERT INTO `traitements` (`tr_id`, `tr_date`, `tr_lib`, `tr_desc`, `tr_etat`, `sa_id`, `arm_id`, `ar_id`, `arm_rang`, `arm_col`, `created_at`, `updated_at`) VALUES
	(1, '2009-12-12', 'Deliberaion justicie', 'Deliberaion justicie', 'OK', 1, 3, 1, '1ere rangee', '1ere colonne', '2022-07-26 13:30:29', '2022-07-26 14:28:39'),
	(4, '2020-12-21', 'cool', 'coollllll', 'OK', 1, 2, 1, '7e rangee', '4e colonne', '2022-07-26 13:35:18', '2022-07-26 13:35:18'),
	(5, '2020-12-12', 'hbrbrhrthrhtrtrbtrbr', 'jjnjnnjnjrgrbbrbr', 'Delete', 1, 2, 1, '7e rangee', '6e colonne', '2022-07-26 14:33:06', '2022-07-26 14:35:03'),
	(6, '2022-02-01', 'Redaction du contrta', 'Libelle', 'OK', 1, 4, 6, '4e rangee', '3e colonne', '2022-08-08 11:35:37', '2022-08-08 11:35:37');

